{"id":9343,"date":"2024-05-30T14:41:26","date_gmt":"2024-05-30T12:41:26","guid":{"rendered":"https:\/\/radio-aviva.com\/perpignan\/podcast\/ceremonie-de-la-journee-nationale-de-la-resistance-francois-xavier-lauch-prefet-sophie-bejean-rectrice-occitanie\/"},"modified":"2024-05-30T15:53:16","modified_gmt":"2024-05-30T13:53:16","slug":"ceremonie-de-la-journee-nationale-de-la-resistance-francois-xavier-lauch-prefet-sophie-bejean-rectrice-occitanie","status":"publish","type":"podcast","link":"https:\/\/radio-aviva.com\/perpignan\/podcast\/ceremonie-de-la-journee-nationale-de-la-resistance-francois-xavier-lauch-prefet-sophie-bejean-rectrice-occitanie\/","title":{"rendered":"CE\u0301RE\u0301MONIE DE LA JOURN\u00c9E NATIONALE DE LA RESISTANCE, FRAN\u00c7OIS XAVIER LAUCH PRE\u0301FET SOPHIE BEJEAN RE\u0301CTRICE OCCITANIE"},"content":{"rendered":"\n<p>La date du 27 mai a \u00e9t\u00e9 instaur\u00e9e en 2013 comme Journ\u00e9e nationale de la R\u00e9sistance, cette journ\u00e9e correspond \u00e0 la date de la premi\u00e8re r\u00e9union du Conseil national de la R\u00e9sistance qui s&rsquo;est tenue \u00e0 Paris, le 27 mai 1943, sous la pr\u00e9sidence de Jean Moulin.C\u2019est l&rsquo;occasion d&rsquo;une r\u00e9flexion sur les valeurs de la R\u00e9sistance et celles port\u00e9es par le programme de ce Conseil national de la R\u00e9sistance.A Montpellier, sur l\u2019esplanade du Peyrou, sous le portrait de Jean Moulin, le 27 Mai 2024, se d\u00e9roulait la c\u00e9r\u00e9monie organis\u00e9e \u00e0 l\u2019occasion de la Journ\u00e9e nationale de la R\u00e9sistance, \u00e0 laquelle Radio Aviva \u00e9tait invit\u00e9e.Nous vous proposons dans cette \u00e9mission les interviews du Pr\u00e9fet\u00a0de l&rsquo;H\u00e9rault, Fran\u00e7ois Xavier Lauch, et celle de\u00a0Sophie B\u00e9jean, Rectrice\u00a0de la r\u00e9gion acad\u00e9mique Occitanie, enregistr\u00e9es au micro de Liliane Dray.<\/p>\n\n\n\n<figure class=\"wp-block-image size-large\"><img fetchpriority=\"high\" decoding=\"async\" width=\"1170\" height=\"705\" src=\"https:\/\/radio-aviva.com\/perpignan\/wp-content\/uploads\/sites\/7\/2024\/05\/Journee-nationale-de-la-resistance-a-Montpellier-le-27-05-24-1-1170x705.jpeg\" alt=\"\" class=\"wp-image-9346\" srcset=\"https:\/\/radio-aviva.com\/perpignan\/wp-content\/uploads\/sites\/7\/2024\/05\/Journee-nationale-de-la-resistance-a-Montpellier-le-27-05-24-1-1170x705.jpeg 1170w, https:\/\/radio-aviva.com\/perpignan\/wp-content\/uploads\/sites\/7\/2024\/05\/Journee-nationale-de-la-resistance-a-Montpellier-le-27-05-24-1-770x464.jpeg 770w, https:\/\/radio-aviva.com\/perpignan\/wp-content\/uploads\/sites\/7\/2024\/05\/Journee-nationale-de-la-resistance-a-Montpellier-le-27-05-24-1-768x463.jpeg 768w, https:\/\/radio-aviva.com\/perpignan\/wp-content\/uploads\/sites\/7\/2024\/05\/Journee-nationale-de-la-resistance-a-Montpellier-le-27-05-24-1-1536x926.jpeg 1536w, https:\/\/radio-aviva.com\/perpignan\/wp-content\/uploads\/sites\/7\/2024\/05\/Journee-nationale-de-la-resistance-a-Montpellier-le-27-05-24-1-2048x1234.jpeg 2048w\" sizes=\"(max-width: 1170px) 100vw, 1170px\" \/><\/figure>\n\n\n\n<figure class=\"wp-block-image size-large\"><img decoding=\"async\" width=\"1170\" height=\"658\" src=\"https:\/\/radio-aviva.com\/perpignan\/wp-content\/uploads\/sites\/7\/2024\/05\/Discours-du-Prefet-de-lHerault-a-la-journee-nationale-de-la-resistance-27-05-24-1-1170x658.jpeg\" alt=\"\" class=\"wp-image-9345\" srcset=\"https:\/\/radio-aviva.com\/perpignan\/wp-content\/uploads\/sites\/7\/2024\/05\/Discours-du-Prefet-de-lHerault-a-la-journee-nationale-de-la-resistance-27-05-24-1-1170x658.jpeg 1170w, https:\/\/radio-aviva.com\/perpignan\/wp-content\/uploads\/sites\/7\/2024\/05\/Discours-du-Prefet-de-lHerault-a-la-journee-nationale-de-la-resistance-27-05-24-1-770x433.jpeg 770w, https:\/\/radio-aviva.com\/perpignan\/wp-content\/uploads\/sites\/7\/2024\/05\/Discours-du-Prefet-de-lHerault-a-la-journee-nationale-de-la-resistance-27-05-24-1-768x432.jpeg 768w, https:\/\/radio-aviva.com\/perpignan\/wp-content\/uploads\/sites\/7\/2024\/05\/Discours-du-Prefet-de-lHerault-a-la-journee-nationale-de-la-resistance-27-05-24-1-1536x864.jpeg 1536w, https:\/\/radio-aviva.com\/perpignan\/wp-content\/uploads\/sites\/7\/2024\/05\/Discours-du-Prefet-de-lHerault-a-la-journee-nationale-de-la-resistance-27-05-24-1-2048x1152.jpeg 2048w\" sizes=\"(max-width: 1170px) 100vw, 1170px\" \/><\/figure>\n\n\n\n<figure class=\"wp-block-image size-large\"><img decoding=\"async\" width=\"878\" height=\"1170\" src=\"https:\/\/radio-aviva.com\/perpignan\/wp-content\/uploads\/sites\/7\/2024\/05\/Interview-de-la-Rectrice-Sophie-Bejean-le-27-Mai-2024-1-878x1170.jpeg\" alt=\"\" class=\"wp-image-9344\" srcset=\"https:\/\/radio-aviva.com\/perpignan\/wp-content\/uploads\/sites\/7\/2024\/05\/Interview-de-la-Rectrice-Sophie-Bejean-le-27-Mai-2024-1-878x1170.jpeg 878w, https:\/\/radio-aviva.com\/perpignan\/wp-content\/uploads\/sites\/7\/2024\/05\/Interview-de-la-Rectrice-Sophie-Bejean-le-27-Mai-2024-1-578x770.jpeg 578w, https:\/\/radio-aviva.com\/perpignan\/wp-content\/uploads\/sites\/7\/2024\/05\/Interview-de-la-Rectrice-Sophie-Bejean-le-27-Mai-2024-1-768x1024.jpeg 768w, https:\/\/radio-aviva.com\/perpignan\/wp-content\/uploads\/sites\/7\/2024\/05\/Interview-de-la-Rectrice-Sophie-Bejean-le-27-Mai-2024-1-1152x1536.jpeg 1152w, https:\/\/radio-aviva.com\/perpignan\/wp-content\/uploads\/sites\/7\/2024\/05\/Interview-de-la-Rectrice-Sophie-Bejean-le-27-Mai-2024-1.jpeg 1200w\" sizes=\"(max-width: 878px) 100vw, 878px\" \/><\/figure>\n","protected":false},"author":1,"featured_media":9323,"template":"","tags":[],"podcastfilter":[175],"class_list":["post-9343","podcast","type-podcast","status-publish","has-post-thumbnail","hentry","podcastfilter-invite-de-la-redaction"],"_links":{"self":[{"href":"https:\/\/radio-aviva.com\/perpignan\/wp-json\/wp\/v2\/podcast\/9343","targetHints":{"allow":["GET"]}}],"collection":[{"href":"https:\/\/radio-aviva.com\/perpignan\/wp-json\/wp\/v2\/podcast"}],"about":[{"href":"https:\/\/radio-aviva.com\/perpignan\/wp-json\/wp\/v2\/types\/podcast"}],"author":[{"embeddable":true,"href":"https:\/\/radio-aviva.com\/perpignan\/wp-json\/wp\/v2\/users\/1"}],"version-history":[{"count":5,"href":"https:\/\/radio-aviva.com\/perpignan\/wp-json\/wp\/v2\/podcast\/9343\/revisions"}],"predecessor-version":[{"id":9364,"href":"https:\/\/radio-aviva.com\/perpignan\/wp-json\/wp\/v2\/podcast\/9343\/revisions\/9364"}],"wp:featuredmedia":[{"embeddable":true,"href":"https:\/\/radio-aviva.com\/perpignan\/wp-json\/wp\/v2\/media\/9323"}],"wp:attachment":[{"href":"https:\/\/radio-aviva.com\/perpignan\/wp-json\/wp\/v2\/media?parent=9343"}],"wp:term":[{"taxonomy":"post_tag","embeddable":true,"href":"https:\/\/radio-aviva.com\/perpignan\/wp-json\/wp\/v2\/tags?post=9343"},{"taxonomy":"podcastfilter","embeddable":true,"href":"https:\/\/radio-aviva.com\/perpignan\/wp-json\/wp\/v2\/podcastfilter?post=9343"}],"curies":[{"name":"wp","href":"https:\/\/api.w.org\/{rel}","templated":true}]}}

CÉRÉMONIE DE LA JOURNÉE NATIONALE DE LA RESISTANCE, FRANÇOIS XAVIER LAUCH PRÉFET SOPHIE BEJEAN RÉCTRICE OCCITANIE

<p>La date du 27 mai a été instaurée en 2013 comme Journée nationale de la Résistance, cette journée correspond à la date de la première réunion du Conseil national de la Résistance qui s&rsquo;est tenue à Paris, le 27 mai 1943, sous la présidence de Jean Moulin.C’est l&rsquo;occasion d&rsquo;une réflexion sur les valeurs de la Résistance et celles portées par le programme de ce Conseil national de la Résistance.A Montpellier, sur l’esplanade du Peyrou, sous le portrait de Jean Moulin, le 27 Mai 2024, se déroulait la cérémonie organisée à l’occasion de la Journée nationale de la Résistance, à laquelle Radio Aviva était invitée.Nous vous proposons dans cette émission les interviews du Préfet de l&rsquo;Hérault, François Xavier Lauch, et celle de Sophie Béjean, Rectrice de la région académique Occitanie, enregistrées au micro de Liliane Dray.</p>



<figure class="wp-block-image size-large"><img fetchpriority="high" decoding="async" width="1170" height="705" src="https://radio-aviva.com/perpignan/wp-content/uploads/sites/7/2024/05/Journee-nationale-de-la-resistance-a-Montpellier-le-27-05-24-1-1170x705.jpeg" alt="" class="wp-image-9346" srcset="https://radio-aviva.com/perpignan/wp-content/uploads/sites/7/2024/05/Journee-nationale-de-la-resistance-a-Montpellier-le-27-05-24-1-1170x705.jpeg 1170w, https://radio-aviva.com/perpignan/wp-content/uploads/sites/7/2024/05/Journee-nationale-de-la-resistance-a-Montpellier-le-27-05-24-1-770x464.jpeg 770w, https://radio-aviva.com/perpignan/wp-content/uploads/sites/7/2024/05/Journee-nationale-de-la-resistance-a-Montpellier-le-27-05-24-1-768x463.jpeg 768w, https://radio-aviva.com/perpignan/wp-content/uploads/sites/7/2024/05/Journee-nationale-de-la-resistance-a-Montpellier-le-27-05-24-1-1536x926.jpeg 1536w, https://radio-aviva.com/perpignan/wp-content/uploads/sites/7/2024/05/Journee-nationale-de-la-resistance-a-Montpellier-le-27-05-24-1-2048x1234.jpeg 2048w" sizes="(max-width: 1170px) 100vw, 1170px" /></figure>



<figure class="wp-block-image size-large"><img decoding="async" width="1170" height="658" src="https://radio-aviva.com/perpignan/wp-content/uploads/sites/7/2024/05/Discours-du-Prefet-de-lHerault-a-la-journee-nationale-de-la-resistance-27-05-24-1-1170x658.jpeg" alt="" class="wp-image-9345" srcset="https://radio-aviva.com/perpignan/wp-content/uploads/sites/7/2024/05/Discours-du-Prefet-de-lHerault-a-la-journee-nationale-de-la-resistance-27-05-24-1-1170x658.jpeg 1170w, https://radio-aviva.com/perpignan/wp-content/uploads/sites/7/2024/05/Discours-du-Prefet-de-lHerault-a-la-journee-nationale-de-la-resistance-27-05-24-1-770x433.jpeg 770w, https://radio-aviva.com/perpignan/wp-content/uploads/sites/7/2024/05/Discours-du-Prefet-de-lHerault-a-la-journee-nationale-de-la-resistance-27-05-24-1-768x432.jpeg 768w, https://radio-aviva.com/perpignan/wp-content/uploads/sites/7/2024/05/Discours-du-Prefet-de-lHerault-a-la-journee-nationale-de-la-resistance-27-05-24-1-1536x864.jpeg 1536w, https://radio-aviva.com/perpignan/wp-content/uploads/sites/7/2024/05/Discours-du-Prefet-de-lHerault-a-la-journee-nationale-de-la-resistance-27-05-24-1-2048x1152.jpeg 2048w" sizes="(max-width: 1170px) 100vw, 1170px" /></figure>



<figure class="wp-block-image size-large"><img decoding="async" width="878" height="1170" src="https://radio-aviva.com/perpignan/wp-content/uploads/sites/7/2024/05/Interview-de-la-Rectrice-Sophie-Bejean-le-27-Mai-2024-1-878x1170.jpeg" alt="" class="wp-image-9344" srcset="https://radio-aviva.com/perpignan/wp-content/uploads/sites/7/2024/05/Interview-de-la-Rectrice-Sophie-Bejean-le-27-Mai-2024-1-878x1170.jpeg 878w, https://radio-aviva.com/perpignan/wp-content/uploads/sites/7/2024/05/Interview-de-la-Rectrice-Sophie-Bejean-le-27-Mai-2024-1-578x770.jpeg 578w, https://radio-aviva.com/perpignan/wp-content/uploads/sites/7/2024/05/Interview-de-la-Rectrice-Sophie-Bejean-le-27-Mai-2024-1-768x1024.jpeg 768w, https://radio-aviva.com/perpignan/wp-content/uploads/sites/7/2024/05/Interview-de-la-Rectrice-Sophie-Bejean-le-27-Mai-2024-1-1152x1536.jpeg 1152w, https://radio-aviva.com/perpignan/wp-content/uploads/sites/7/2024/05/Interview-de-la-Rectrice-Sophie-Bejean-le-27-Mai-2024-1.jpeg 1200w" sizes="(max-width: 878px) 100vw, 878px" /></figure>
