{"id":9365,"date":"2024-04-14T11:40:00","date_gmt":"2024-04-14T09:40:00","guid":{"rendered":"https:\/\/radio-aviva.com\/perpignan\/?post_type=podcast&#038;p=9365"},"modified":"2024-05-31T10:05:50","modified_gmt":"2024-05-31T08:05:50","slug":"39-eme-foirexpo-de-perpignan-pascale-senen-sophrologue-relaxologue-et-masseuse","status":"publish","type":"podcast","link":"https:\/\/radio-aviva.com\/perpignan\/podcast\/39-eme-foirexpo-de-perpignan-pascale-senen-sophrologue-relaxologue-et-masseuse\/","title":{"rendered":"39 \u00c8ME FOIREXPO DE PERPIGNAN \u2013 PASCALE SENEN, SOPHROLOGUE, RELAXOLOGUE ET MASSEUSE"},"content":{"rendered":"\n<p>Durant cette 39\u00e8me Foire Expo de Perpignan, Pascale Senen, sophrologue, relaxologue et masseuse, a \u00e9t\u00e9 interview\u00e9e par Radio Aviva pour parler de ses techniques et des bienfaits de la sophrologie, de la relaxation et du massage.<\/p>\n","protected":false},"author":1,"featured_media":8908,"template":"","tags":[],"podcastfilter":[134,109,186,119],"class_list":["post-9365","podcast","type-podcast","status-publish","has-post-thumbnail","hentry","podcastfilter-exposition","podcastfilter-perpignan","podcastfilter-pyrenees-orientales-2","podcastfilter-sante"],"_links":{"self":[{"href":"https:\/\/radio-aviva.com\/perpignan\/wp-json\/wp\/v2\/podcast\/9365","targetHints":{"allow":["GET"]}}],"collection":[{"href":"https:\/\/radio-aviva.com\/perpignan\/wp-json\/wp\/v2\/podcast"}],"about":[{"href":"https:\/\/radio-aviva.com\/perpignan\/wp-json\/wp\/v2\/types\/podcast"}],"author":[{"embeddable":true,"href":"https:\/\/radio-aviva.com\/perpignan\/wp-json\/wp\/v2\/users\/1"}],"version-history":[{"count":1,"href":"https:\/\/radio-aviva.com\/perpignan\/wp-json\/wp\/v2\/podcast\/9365\/revisions"}],"predecessor-version":[{"id":9366,"href":"https:\/\/radio-aviva.com\/perpignan\/wp-json\/wp\/v2\/podcast\/9365\/revisions\/9366"}],"wp:featuredmedia":[{"embeddable":true,"href":"https:\/\/radio-aviva.com\/perpignan\/wp-json\/wp\/v2\/media\/8908"}],"wp:attachment":[{"href":"https:\/\/radio-aviva.com\/perpignan\/wp-json\/wp\/v2\/media?parent=9365"}],"wp:term":[{"taxonomy":"post_tag","embeddable":true,"href":"https:\/\/radio-aviva.com\/perpignan\/wp-json\/wp\/v2\/tags?post=9365"},{"taxonomy":"podcastfilter","embeddable":true,"href":"https:\/\/radio-aviva.com\/perpignan\/wp-json\/wp\/v2\/podcastfilter?post=9365"}],"curies":[{"name":"wp","href":"https:\/\/api.w.org\/{rel}","templated":true}]}}

39 ÈME FOIREXPO DE PERPIGNAN – PASCALE SENEN, SOPHROLOGUE, RELAXOLOGUE ET MASSEUSE

<p>Durant cette 39ème Foire Expo de Perpignan, Pascale Senen, sophrologue, relaxologue et masseuse, a été interviewée par Radio Aviva pour parler de ses techniques et des bienfaits de la sophrologie, de la relaxation et du massage.</p>
