{"id":9375,"date":"2024-04-14T15:00:00","date_gmt":"2024-04-14T13:00:00","guid":{"rendered":"https:\/\/radio-aviva.com\/perpignan\/?post_type=podcast&#038;p=9375"},"modified":"2024-06-03T11:37:41","modified_gmt":"2024-06-03T09:37:41","slug":"39-eme-foirexpo-de-perpignan-marie-eglantine-delcher-cheffe-et-membre-des-toques-blanches","status":"publish","type":"podcast","link":"https:\/\/radio-aviva.com\/perpignan\/podcast\/39-eme-foirexpo-de-perpignan-marie-eglantine-delcher-cheffe-et-membre-des-toques-blanches\/","title":{"rendered":"39 \u00c8ME FOIREXPO DE PERPIGNAN \u2013 MARIE-\u00c9GLANTINE DELCHER, CHEFFE ET MEMBRE DES TOQUES BLANCHES"},"content":{"rendered":"\n<p>\u00c0 la 39\u00e8me Foire Expo de Perpignan, Marie-\u00c9glantine Delcher, g\u00e9rante et cheffe du restaurant La Passerelle, \u00e9galement membre des Toques Blanches, a \u00e9t\u00e9 interview\u00e9e par Radio Aviva pour parler de sa passion pour la cuisine et de son sens de la transmission.<\/p>\n","protected":false},"author":1,"featured_media":8908,"template":"","tags":[],"podcastfilter":[162,134,109,186,305],"class_list":["post-9375","podcast","type-podcast","status-publish","has-post-thumbnail","hentry","podcastfilter-cuisine","podcastfilter-exposition","podcastfilter-perpignan","podcastfilter-pyrenees-orientales-2","podcastfilter-tradition"],"_links":{"self":[{"href":"https:\/\/radio-aviva.com\/perpignan\/wp-json\/wp\/v2\/podcast\/9375","targetHints":{"allow":["GET"]}}],"collection":[{"href":"https:\/\/radio-aviva.com\/perpignan\/wp-json\/wp\/v2\/podcast"}],"about":[{"href":"https:\/\/radio-aviva.com\/perpignan\/wp-json\/wp\/v2\/types\/podcast"}],"author":[{"embeddable":true,"href":"https:\/\/radio-aviva.com\/perpignan\/wp-json\/wp\/v2\/users\/1"}],"version-history":[{"count":2,"href":"https:\/\/radio-aviva.com\/perpignan\/wp-json\/wp\/v2\/podcast\/9375\/revisions"}],"predecessor-version":[{"id":9396,"href":"https:\/\/radio-aviva.com\/perpignan\/wp-json\/wp\/v2\/podcast\/9375\/revisions\/9396"}],"wp:featuredmedia":[{"embeddable":true,"href":"https:\/\/radio-aviva.com\/perpignan\/wp-json\/wp\/v2\/media\/8908"}],"wp:attachment":[{"href":"https:\/\/radio-aviva.com\/perpignan\/wp-json\/wp\/v2\/media?parent=9375"}],"wp:term":[{"taxonomy":"post_tag","embeddable":true,"href":"https:\/\/radio-aviva.com\/perpignan\/wp-json\/wp\/v2\/tags?post=9375"},{"taxonomy":"podcastfilter","embeddable":true,"href":"https:\/\/radio-aviva.com\/perpignan\/wp-json\/wp\/v2\/podcastfilter?post=9375"}],"curies":[{"name":"wp","href":"https:\/\/api.w.org\/{rel}","templated":true}]}}

39 ÈME FOIREXPO DE PERPIGNAN – MARIE-ÉGLANTINE DELCHER, CHEFFE ET MEMBRE DES TOQUES BLANCHES

<p>À la 39ème Foire Expo de Perpignan, Marie-Églantine Delcher, gérante et cheffe du restaurant La Passerelle, également membre des Toques Blanches, a été interviewée par Radio Aviva pour parler de sa passion pour la cuisine et de son sens de la transmission.</p>
