{"id":9384,"date":"2024-04-14T16:20:00","date_gmt":"2024-04-14T14:20:00","guid":{"rendered":"https:\/\/radio-aviva.com\/perpignan\/?post_type=podcast&#038;p=9384"},"modified":"2024-06-03T10:27:29","modified_gmt":"2024-06-03T08:27:29","slug":"39-eme-foirexpo-de-perpignan-henri-privat-gerant-de-la-manufacture-du-grenat","status":"publish","type":"podcast","link":"https:\/\/radio-aviva.com\/perpignan\/podcast\/39-eme-foirexpo-de-perpignan-henri-privat-gerant-de-la-manufacture-du-grenat\/","title":{"rendered":"39 \u00c8ME FOIREXPO DE PERPIGNAN \u2013 HENRI PRIVAT, G\u00c9RANT DE LA MANUFACTURE DU GRENAT"},"content":{"rendered":"\n<p>Interview\u00e9 au micro de Radio Aviva pour la 39\u00e8me Foire Expo de Perpignan, Henri Privat, g\u00e9rant de la Manufacture du Grenat, pr\u00e9sente son entreprise et ses cr\u00e9ations de bijoux catalans.<\/p>\n","protected":false},"author":1,"featured_media":8908,"template":"","tags":[],"podcastfilter":[134,109,186,305],"class_list":["post-9384","podcast","type-podcast","status-publish","has-post-thumbnail","hentry","podcastfilter-exposition","podcastfilter-perpignan","podcastfilter-pyrenees-orientales-2","podcastfilter-tradition"],"_links":{"self":[{"href":"https:\/\/radio-aviva.com\/perpignan\/wp-json\/wp\/v2\/podcast\/9384","targetHints":{"allow":["GET"]}}],"collection":[{"href":"https:\/\/radio-aviva.com\/perpignan\/wp-json\/wp\/v2\/podcast"}],"about":[{"href":"https:\/\/radio-aviva.com\/perpignan\/wp-json\/wp\/v2\/types\/podcast"}],"author":[{"embeddable":true,"href":"https:\/\/radio-aviva.com\/perpignan\/wp-json\/wp\/v2\/users\/1"}],"version-history":[{"count":1,"href":"https:\/\/radio-aviva.com\/perpignan\/wp-json\/wp\/v2\/podcast\/9384\/revisions"}],"predecessor-version":[{"id":9385,"href":"https:\/\/radio-aviva.com\/perpignan\/wp-json\/wp\/v2\/podcast\/9384\/revisions\/9385"}],"wp:featuredmedia":[{"embeddable":true,"href":"https:\/\/radio-aviva.com\/perpignan\/wp-json\/wp\/v2\/media\/8908"}],"wp:attachment":[{"href":"https:\/\/radio-aviva.com\/perpignan\/wp-json\/wp\/v2\/media?parent=9384"}],"wp:term":[{"taxonomy":"post_tag","embeddable":true,"href":"https:\/\/radio-aviva.com\/perpignan\/wp-json\/wp\/v2\/tags?post=9384"},{"taxonomy":"podcastfilter","embeddable":true,"href":"https:\/\/radio-aviva.com\/perpignan\/wp-json\/wp\/v2\/podcastfilter?post=9384"}],"curies":[{"name":"wp","href":"https:\/\/api.w.org\/{rel}","templated":true}]}}

39 ÈME FOIREXPO DE PERPIGNAN – HENRI PRIVAT, GÉRANT DE LA MANUFACTURE DU GRENAT

<p>Interviewé au micro de Radio Aviva pour la 39ème Foire Expo de Perpignan, Henri Privat, gérant de la Manufacture du Grenat, présente son entreprise et ses créations de bijoux catalans.</p>
