{"id":9398,"date":"2024-06-03T13:47:25","date_gmt":"2024-06-03T11:47:25","guid":{"rendered":"https:\/\/radio-aviva.com\/perpignan\/?post_type=podcast&#038;p=9398"},"modified":"2024-06-03T14:03:47","modified_gmt":"2024-06-03T12:03:47","slug":"festival-bacchus-david-garcia-directeur-du-festival","status":"publish","type":"podcast","link":"https:\/\/radio-aviva.com\/perpignan\/podcast\/festival-bacchus-david-garcia-directeur-du-festival\/","title":{"rendered":"FESTIVAL BACCHUS &#8211; DAVID GARCIA, DIRECTEUR DU FESTIVAL"},"content":{"rendered":"\n<p>Le festival Bacchus est de retour pour une 3\u00e8me \u00e9dition ! Le festival 100% \u00e9picurien et 100 % circuit court animera le parc du Ch\u00e2teau de Valmy \u00e0 Argel\u00e8s sur Mer du 6 au 9 juin 2024.<br \/>Comme chaque ann\u00e9e, c\u2019est l\u2019occasion de d\u00e9couvrir les Vins du Roussillon avec un village de 20 exposants, des espaces de restauration mettant \u00e0 l\u2019 honneur les produits locaux et pas moins de trois concerts par soir sur une sc\u00e8ne vue sur mer !<\/p>\n","protected":false},"author":1,"featured_media":9399,"template":"","tags":[],"podcastfilter":[167,307],"class_list":["post-9398","podcast","type-podcast","status-publish","has-post-thumbnail","hentry","podcastfilter-festival","podcastfilter-roussillon"],"_links":{"self":[{"href":"https:\/\/radio-aviva.com\/perpignan\/wp-json\/wp\/v2\/podcast\/9398","targetHints":{"allow":["GET"]}}],"collection":[{"href":"https:\/\/radio-aviva.com\/perpignan\/wp-json\/wp\/v2\/podcast"}],"about":[{"href":"https:\/\/radio-aviva.com\/perpignan\/wp-json\/wp\/v2\/types\/podcast"}],"author":[{"embeddable":true,"href":"https:\/\/radio-aviva.com\/perpignan\/wp-json\/wp\/v2\/users\/1"}],"version-history":[{"count":2,"href":"https:\/\/radio-aviva.com\/perpignan\/wp-json\/wp\/v2\/podcast\/9398\/revisions"}],"predecessor-version":[{"id":9401,"href":"https:\/\/radio-aviva.com\/perpignan\/wp-json\/wp\/v2\/podcast\/9398\/revisions\/9401"}],"wp:featuredmedia":[{"embeddable":true,"href":"https:\/\/radio-aviva.com\/perpignan\/wp-json\/wp\/v2\/media\/9399"}],"wp:attachment":[{"href":"https:\/\/radio-aviva.com\/perpignan\/wp-json\/wp\/v2\/media?parent=9398"}],"wp:term":[{"taxonomy":"post_tag","embeddable":true,"href":"https:\/\/radio-aviva.com\/perpignan\/wp-json\/wp\/v2\/tags?post=9398"},{"taxonomy":"podcastfilter","embeddable":true,"href":"https:\/\/radio-aviva.com\/perpignan\/wp-json\/wp\/v2\/podcastfilter?post=9398"}],"curies":[{"name":"wp","href":"https:\/\/api.w.org\/{rel}","templated":true}]}}

<p>Le festival Bacchus est de retour pour une 3ème édition ! Le festival 100% épicurien et 100 % circuit court animera le parc du Château de Valmy à Argelès sur Mer du 6 au 9 juin 2024.<br />Comme chaque année, c’est l’occasion de découvrir les Vins du Roussillon avec un village de 20 exposants, des espaces de restauration mettant à l’ honneur les produits locaux et pas moins de trois concerts par soir sur une scène vue sur mer !</p>
