{"id":9408,"date":"2024-04-14T17:40:00","date_gmt":"2024-04-14T15:40:00","guid":{"rendered":"https:\/\/radio-aviva.com\/perpignan\/?post_type=podcast&#038;p=9408"},"modified":"2024-06-07T11:33:10","modified_gmt":"2024-06-07T09:33:10","slug":"39-eme-foirexpo-de-perpignan-marc-cassou-gerant-de-la-plancha-del-rey","status":"publish","type":"podcast","link":"https:\/\/radio-aviva.com\/perpignan\/podcast\/39-eme-foirexpo-de-perpignan-marc-cassou-gerant-de-la-plancha-del-rey\/","title":{"rendered":"39 \u00c8ME FOIREXPO DE PERPIGNAN \u2013 MARC CASSOU, G\u00c9RANT DE LA PLANCHA DEL REY"},"content":{"rendered":"\n<p>\u00c0 la 39\u00e8me Foire Expo de Perpignan, Marc Cassou, g\u00e9rant de La Plancha del Rey, a \u00e9t\u00e9 interview\u00e9 par radio Aviva pour parler de son partenariat avec les Toques Blanches et de son exp\u00e9rience en tant que fabricant de planchas.<\/p>\n","protected":false},"author":1,"featured_media":8908,"template":"","tags":[],"podcastfilter":[162,134,109,186],"class_list":["post-9408","podcast","type-podcast","status-publish","has-post-thumbnail","hentry","podcastfilter-cuisine","podcastfilter-exposition","podcastfilter-perpignan","podcastfilter-pyrenees-orientales-2"],"_links":{"self":[{"href":"https:\/\/radio-aviva.com\/perpignan\/wp-json\/wp\/v2\/podcast\/9408","targetHints":{"allow":["GET"]}}],"collection":[{"href":"https:\/\/radio-aviva.com\/perpignan\/wp-json\/wp\/v2\/podcast"}],"about":[{"href":"https:\/\/radio-aviva.com\/perpignan\/wp-json\/wp\/v2\/types\/podcast"}],"author":[{"embeddable":true,"href":"https:\/\/radio-aviva.com\/perpignan\/wp-json\/wp\/v2\/users\/1"}],"version-history":[{"count":2,"href":"https:\/\/radio-aviva.com\/perpignan\/wp-json\/wp\/v2\/podcast\/9408\/revisions"}],"predecessor-version":[{"id":9463,"href":"https:\/\/radio-aviva.com\/perpignan\/wp-json\/wp\/v2\/podcast\/9408\/revisions\/9463"}],"wp:featuredmedia":[{"embeddable":true,"href":"https:\/\/radio-aviva.com\/perpignan\/wp-json\/wp\/v2\/media\/8908"}],"wp:attachment":[{"href":"https:\/\/radio-aviva.com\/perpignan\/wp-json\/wp\/v2\/media?parent=9408"}],"wp:term":[{"taxonomy":"post_tag","embeddable":true,"href":"https:\/\/radio-aviva.com\/perpignan\/wp-json\/wp\/v2\/tags?post=9408"},{"taxonomy":"podcastfilter","embeddable":true,"href":"https:\/\/radio-aviva.com\/perpignan\/wp-json\/wp\/v2\/podcastfilter?post=9408"}],"curies":[{"name":"wp","href":"https:\/\/api.w.org\/{rel}","templated":true}]}}

39 ÈME FOIREXPO DE PERPIGNAN – MARC CASSOU, GÉRANT DE LA PLANCHA DEL REY

<p>À la 39ème Foire Expo de Perpignan, Marc Cassou, gérant de La Plancha del Rey, a été interviewé par radio Aviva pour parler de son partenariat avec les Toques Blanches et de son expérience en tant que fabricant de planchas.</p>
