{"id":9416,"date":"2024-04-14T11:00:00","date_gmt":"2024-04-14T09:00:00","guid":{"rendered":"https:\/\/radio-aviva.com\/perpignan\/?post_type=podcast&#038;p=9416"},"modified":"2024-06-07T11:42:35","modified_gmt":"2024-06-07T09:42:35","slug":"emma-salies-presidente-de-lassociation-osons-debattre-ensemble","status":"publish","type":"podcast","link":"https:\/\/radio-aviva.com\/perpignan\/podcast\/emma-salies-presidente-de-lassociation-osons-debattre-ensemble\/","title":{"rendered":"\u00c9MMA SALIES, PR\u00c9SIDENTE DE L&rsquo;ASSOCIATION OSONS DEBATTRE ENSEMBLE"},"content":{"rendered":"\n<p>\u00c0 la 39\u00e8me Foire Expo de Perpignan, Emma Salies, pr\u00e9sidente de l&rsquo;association Osons D\u00e9battre Ensemble, s&rsquo;est assise au plateau de Radio Aviva pour nous pr\u00e9senter l&rsquo;association dans tous ses d\u00e9tails.<\/p>\n","protected":false},"author":1,"featured_media":8908,"template":"","tags":[],"podcastfilter":[190,134,221,109,186],"class_list":["post-9416","podcast","type-podcast","status-publish","has-post-thumbnail","hentry","podcastfilter-association","podcastfilter-exposition","podcastfilter-fac","podcastfilter-perpignan","podcastfilter-pyrenees-orientales-2"],"_links":{"self":[{"href":"https:\/\/radio-aviva.com\/perpignan\/wp-json\/wp\/v2\/podcast\/9416","targetHints":{"allow":["GET"]}}],"collection":[{"href":"https:\/\/radio-aviva.com\/perpignan\/wp-json\/wp\/v2\/podcast"}],"about":[{"href":"https:\/\/radio-aviva.com\/perpignan\/wp-json\/wp\/v2\/types\/podcast"}],"author":[{"embeddable":true,"href":"https:\/\/radio-aviva.com\/perpignan\/wp-json\/wp\/v2\/users\/1"}],"version-history":[{"count":2,"href":"https:\/\/radio-aviva.com\/perpignan\/wp-json\/wp\/v2\/podcast\/9416\/revisions"}],"predecessor-version":[{"id":9469,"href":"https:\/\/radio-aviva.com\/perpignan\/wp-json\/wp\/v2\/podcast\/9416\/revisions\/9469"}],"wp:featuredmedia":[{"embeddable":true,"href":"https:\/\/radio-aviva.com\/perpignan\/wp-json\/wp\/v2\/media\/8908"}],"wp:attachment":[{"href":"https:\/\/radio-aviva.com\/perpignan\/wp-json\/wp\/v2\/media?parent=9416"}],"wp:term":[{"taxonomy":"post_tag","embeddable":true,"href":"https:\/\/radio-aviva.com\/perpignan\/wp-json\/wp\/v2\/tags?post=9416"},{"taxonomy":"podcastfilter","embeddable":true,"href":"https:\/\/radio-aviva.com\/perpignan\/wp-json\/wp\/v2\/podcastfilter?post=9416"}],"curies":[{"name":"wp","href":"https:\/\/api.w.org\/{rel}","templated":true}]}}

ÉMMA SALIES, PRÉSIDENTE DE L&rsquo;ASSOCIATION OSONS DEBATTRE ENSEMBLE

<p>À la 39ème Foire Expo de Perpignan, Emma Salies, présidente de l&rsquo;association Osons Débattre Ensemble, s&rsquo;est assise au plateau de Radio Aviva pour nous présenter l&rsquo;association dans tous ses détails.</p>
