{"id":9502,"date":"2024-06-17T14:36:56","date_gmt":"2024-06-17T12:36:56","guid":{"rendered":"https:\/\/radio-aviva.com\/perpignan\/?post_type=podcast&#038;p=9502"},"modified":"2024-06-17T14:44:27","modified_gmt":"2024-06-17T12:44:27","slug":"activ-projet-presente-par-valerie-conseillere-emploi-et-patricia-conseillere-recrutement-chez-france-travail","status":"publish","type":"podcast","link":"https:\/\/radio-aviva.com\/perpignan\/podcast\/activ-projet-presente-par-valerie-conseillere-emploi-et-patricia-conseillere-recrutement-chez-france-travail\/","title":{"rendered":"ACTIV PROJET PR\u00c9SENT\u00c9 PAR VAL\u00c9RIE, CONSEILL\u00c8RE EMPLOI ET PATRICIA CONSEILL\u00c8RE RECRUTEMENT CHEZ FRANCE TRAVAIL"},"content":{"rendered":"\n<p>\u00c9laborez votre projet professionnel, c&rsquo;est possible avec Activ Projet. Patricia et Val\u00e9rie vous donnent les d\u00e9tails de cette derni\u00e8re.<\/p>\n","protected":false},"author":1,"featured_media":9006,"template":"","tags":[],"podcastfilter":[181,299,308,302],"class_list":["post-9502","podcast","type-podcast","status-publish","has-post-thumbnail","hentry","podcastfilter-emploi","podcastfilter-emploi-formations","podcastfilter-france-travail","podcastfilter-quelques-minutes-pour-lemploi"],"_links":{"self":[{"href":"https:\/\/radio-aviva.com\/perpignan\/wp-json\/wp\/v2\/podcast\/9502","targetHints":{"allow":["GET"]}}],"collection":[{"href":"https:\/\/radio-aviva.com\/perpignan\/wp-json\/wp\/v2\/podcast"}],"about":[{"href":"https:\/\/radio-aviva.com\/perpignan\/wp-json\/wp\/v2\/types\/podcast"}],"author":[{"embeddable":true,"href":"https:\/\/radio-aviva.com\/perpignan\/wp-json\/wp\/v2\/users\/1"}],"version-history":[{"count":1,"href":"https:\/\/radio-aviva.com\/perpignan\/wp-json\/wp\/v2\/podcast\/9502\/revisions"}],"predecessor-version":[{"id":9503,"href":"https:\/\/radio-aviva.com\/perpignan\/wp-json\/wp\/v2\/podcast\/9502\/revisions\/9503"}],"wp:featuredmedia":[{"embeddable":true,"href":"https:\/\/radio-aviva.com\/perpignan\/wp-json\/wp\/v2\/media\/9006"}],"wp:attachment":[{"href":"https:\/\/radio-aviva.com\/perpignan\/wp-json\/wp\/v2\/media?parent=9502"}],"wp:term":[{"taxonomy":"post_tag","embeddable":true,"href":"https:\/\/radio-aviva.com\/perpignan\/wp-json\/wp\/v2\/tags?post=9502"},{"taxonomy":"podcastfilter","embeddable":true,"href":"https:\/\/radio-aviva.com\/perpignan\/wp-json\/wp\/v2\/podcastfilter?post=9502"}],"curies":[{"name":"wp","href":"https:\/\/api.w.org\/{rel}","templated":true}]}}

ACTIV PROJET PRÉSENTÉ PAR VALÉRIE, CONSEILLÈRE EMPLOI ET PATRICIA CONSEILLÈRE RECRUTEMENT CHEZ FRANCE TRAVAIL

<p>Élaborez votre projet professionnel, c&rsquo;est possible avec Activ Projet. Patricia et Valérie vous donnent les détails de cette dernière.</p>
