{"id":9504,"date":"2024-06-17T14:44:11","date_gmt":"2024-06-17T12:44:11","guid":{"rendered":"https:\/\/radio-aviva.com\/perpignan\/?post_type=podcast&#038;p=9504"},"modified":"2024-07-03T11:25:10","modified_gmt":"2024-07-03T09:25:10","slug":"les-metier-scope-presente-par-julia-conseillere-emploi-et-gaetan-conseiller-entreprise-chez-france-travail","status":"publish","type":"podcast","link":"https:\/\/radio-aviva.com\/perpignan\/podcast\/les-metier-scope-presente-par-julia-conseillere-emploi-et-gaetan-conseiller-entreprise-chez-france-travail\/","title":{"rendered":"M\u00c9TIERSCOPE PR\u00c9SENT\u00c9 PAR JULIA, CONSEILL\u00c8RE EMPLOI ET GA\u00cbTAN, CONSEILLER ENTREPRISE, FRANCE TRAVAIL"},"content":{"rendered":"\n<p>M\u00e9tierScope, un outil disponible sur l&#8217;emploi store, permet de faire des recherches approfondies pour d\u00e9couvrir o\u00f9 retrouver une offre.<\/p>\n","protected":false},"author":1,"featured_media":9006,"template":"","tags":[],"podcastfilter":[181,299,308,302],"class_list":["post-9504","podcast","type-podcast","status-publish","has-post-thumbnail","hentry","podcastfilter-emploi","podcastfilter-emploi-formations","podcastfilter-france-travail","podcastfilter-quelques-minutes-pour-lemploi"],"_links":{"self":[{"href":"https:\/\/radio-aviva.com\/perpignan\/wp-json\/wp\/v2\/podcast\/9504","targetHints":{"allow":["GET"]}}],"collection":[{"href":"https:\/\/radio-aviva.com\/perpignan\/wp-json\/wp\/v2\/podcast"}],"about":[{"href":"https:\/\/radio-aviva.com\/perpignan\/wp-json\/wp\/v2\/types\/podcast"}],"author":[{"embeddable":true,"href":"https:\/\/radio-aviva.com\/perpignan\/wp-json\/wp\/v2\/users\/1"}],"version-history":[{"count":2,"href":"https:\/\/radio-aviva.com\/perpignan\/wp-json\/wp\/v2\/podcast\/9504\/revisions"}],"predecessor-version":[{"id":9573,"href":"https:\/\/radio-aviva.com\/perpignan\/wp-json\/wp\/v2\/podcast\/9504\/revisions\/9573"}],"wp:featuredmedia":[{"embeddable":true,"href":"https:\/\/radio-aviva.com\/perpignan\/wp-json\/wp\/v2\/media\/9006"}],"wp:attachment":[{"href":"https:\/\/radio-aviva.com\/perpignan\/wp-json\/wp\/v2\/media?parent=9504"}],"wp:term":[{"taxonomy":"post_tag","embeddable":true,"href":"https:\/\/radio-aviva.com\/perpignan\/wp-json\/wp\/v2\/tags?post=9504"},{"taxonomy":"podcastfilter","embeddable":true,"href":"https:\/\/radio-aviva.com\/perpignan\/wp-json\/wp\/v2\/podcastfilter?post=9504"}],"curies":[{"name":"wp","href":"https:\/\/api.w.org\/{rel}","templated":true}]}}

MÉTIERSCOPE PRÉSENTÉ PAR JULIA, CONSEILLÈRE EMPLOI ET GAËTAN, CONSEILLER ENTREPRISE, FRANCE TRAVAIL

<p>MétierScope, un outil disponible sur l&#8217;emploi store, permet de faire des recherches approfondies pour découvrir où retrouver une offre.</p>
