{"id":9508,"date":"2024-06-18T11:45:27","date_gmt":"2024-06-18T09:45:27","guid":{"rendered":"https:\/\/radio-aviva.com\/perpignan\/podcast\/mhsc-saison-2024-2025-patrick-corbolin-directeur-mhsc\/"},"modified":"2024-06-18T11:53:24","modified_gmt":"2024-06-18T09:53:24","slug":"mhsc-saison-2024-2025-patrick-corbolin-directeur-mhsc","status":"publish","type":"podcast","link":"https:\/\/radio-aviva.com\/perpignan\/podcast\/mhsc-saison-2024-2025-patrick-corbolin-directeur-mhsc\/","title":{"rendered":"MHSC SAISON 2024 2025 &#8211; PATRICK CORBOLIN, DIRECTEUR MHSC"},"content":{"rendered":"\n<p>Dans ce nouvel \u00e9pisode de l&rsquo;invit\u00e9 sportif, Sydney Biton re\u00e7oit Patrick Corbolin, directeur du MHSC.<\/p>\n","protected":false},"author":1,"featured_media":9509,"template":"","tags":[],"podcastfilter":[187,87,108,109,188],"class_list":["post-9508","podcast","type-podcast","status-publish","has-post-thumbnail","hentry","podcastfilter-linvite-sportif","podcastfilter-montpellier","podcastfilter-nimes","podcastfilter-perpignan","podcastfilter-sport"],"_links":{"self":[{"href":"https:\/\/radio-aviva.com\/perpignan\/wp-json\/wp\/v2\/podcast\/9508","targetHints":{"allow":["GET"]}}],"collection":[{"href":"https:\/\/radio-aviva.com\/perpignan\/wp-json\/wp\/v2\/podcast"}],"about":[{"href":"https:\/\/radio-aviva.com\/perpignan\/wp-json\/wp\/v2\/types\/podcast"}],"author":[{"embeddable":true,"href":"https:\/\/radio-aviva.com\/perpignan\/wp-json\/wp\/v2\/users\/1"}],"version-history":[{"count":1,"href":"https:\/\/radio-aviva.com\/perpignan\/wp-json\/wp\/v2\/podcast\/9508\/revisions"}],"predecessor-version":[{"id":9510,"href":"https:\/\/radio-aviva.com\/perpignan\/wp-json\/wp\/v2\/podcast\/9508\/revisions\/9510"}],"wp:featuredmedia":[{"embeddable":true,"href":"https:\/\/radio-aviva.com\/perpignan\/wp-json\/wp\/v2\/media\/9509"}],"wp:attachment":[{"href":"https:\/\/radio-aviva.com\/perpignan\/wp-json\/wp\/v2\/media?parent=9508"}],"wp:term":[{"taxonomy":"post_tag","embeddable":true,"href":"https:\/\/radio-aviva.com\/perpignan\/wp-json\/wp\/v2\/tags?post=9508"},{"taxonomy":"podcastfilter","embeddable":true,"href":"https:\/\/radio-aviva.com\/perpignan\/wp-json\/wp\/v2\/podcastfilter?post=9508"}],"curies":[{"name":"wp","href":"https:\/\/api.w.org\/{rel}","templated":true}]}}

<p>Dans ce nouvel épisode de l&rsquo;invité sportif, Sydney Biton reçoit Patrick Corbolin, directeur du MHSC.</p>
