{"id":9513,"date":"2024-06-18T14:51:15","date_gmt":"2024-06-18T12:51:15","guid":{"rendered":"https:\/\/radio-aviva.com\/perpignan\/?post_type=podcast&#038;p=9513"},"modified":"2024-06-18T14:51:16","modified_gmt":"2024-06-18T12:51:16","slug":"sassocier-le-six-a-salses-isabelle-delemer-fondatrice-et-francis-delemer-secretaire-general","status":"publish","type":"podcast","link":"https:\/\/radio-aviva.com\/perpignan\/podcast\/sassocier-le-six-a-salses-isabelle-delemer-fondatrice-et-francis-delemer-secretaire-general\/","title":{"rendered":"S&rsquo;ASSOCIER LE SIX A SALSES- ISABELLE DELEMER, FONDATRICE ET FRANCIS DELEMER, SECR\u00c9TAIRE G\u00c9N\u00c9RAL"},"content":{"rendered":"\n<p>Isabelle Delemer , fondatrice de l&rsquo;association S&rsquo;associer le Six A Salses (Salses) et Francis Delemer, secr\u00e9taire g\u00e9n\u00e9ral de l&rsquo;association ont \u00e9t\u00e9 invit\u00e9s pour nous pr\u00e9senter leur association.<\/p>\n","protected":false},"author":1,"featured_media":9514,"template":"","tags":[],"podcastfilter":[86,168,190,171,292,265,255,148],"class_list":["post-9513","podcast","type-podcast","status-publish","has-post-thumbnail","hentry","podcastfilter-art","podcastfilter-artiste","podcastfilter-association","podcastfilter-ateliers","podcastfilter-ateliers-pedagogiques","podcastfilter-concours","podcastfilter-evenement","podcastfilter-voix-des-assos"],"_links":{"self":[{"href":"https:\/\/radio-aviva.com\/perpignan\/wp-json\/wp\/v2\/podcast\/9513","targetHints":{"allow":["GET"]}}],"collection":[{"href":"https:\/\/radio-aviva.com\/perpignan\/wp-json\/wp\/v2\/podcast"}],"about":[{"href":"https:\/\/radio-aviva.com\/perpignan\/wp-json\/wp\/v2\/types\/podcast"}],"author":[{"embeddable":true,"href":"https:\/\/radio-aviva.com\/perpignan\/wp-json\/wp\/v2\/users\/1"}],"version-history":[{"count":1,"href":"https:\/\/radio-aviva.com\/perpignan\/wp-json\/wp\/v2\/podcast\/9513\/revisions"}],"predecessor-version":[{"id":9515,"href":"https:\/\/radio-aviva.com\/perpignan\/wp-json\/wp\/v2\/podcast\/9513\/revisions\/9515"}],"wp:featuredmedia":[{"embeddable":true,"href":"https:\/\/radio-aviva.com\/perpignan\/wp-json\/wp\/v2\/media\/9514"}],"wp:attachment":[{"href":"https:\/\/radio-aviva.com\/perpignan\/wp-json\/wp\/v2\/media?parent=9513"}],"wp:term":[{"taxonomy":"post_tag","embeddable":true,"href":"https:\/\/radio-aviva.com\/perpignan\/wp-json\/wp\/v2\/tags?post=9513"},{"taxonomy":"podcastfilter","embeddable":true,"href":"https:\/\/radio-aviva.com\/perpignan\/wp-json\/wp\/v2\/podcastfilter?post=9513"}],"curies":[{"name":"wp","href":"https:\/\/api.w.org\/{rel}","templated":true}]}}

S&rsquo;ASSOCIER LE SIX A SALSES- ISABELLE DELEMER, FONDATRICE ET FRANCIS DELEMER, SECRÉTAIRE GÉNÉRAL

<p>Isabelle Delemer , fondatrice de l&rsquo;association S&rsquo;associer le Six A Salses (Salses) et Francis Delemer, secrétaire général de l&rsquo;association ont été invités pour nous présenter leur association.</p>
