{"id":9516,"date":"2024-06-18T15:12:12","date_gmt":"2024-06-18T13:12:12","guid":{"rendered":"https:\/\/radio-aviva.com\/perpignan\/?post_type=podcast&#038;p=9516"},"modified":"2024-06-18T15:12:12","modified_gmt":"2024-06-18T13:12:12","slug":"salon-du-livre-salses-le-chateau-francis-et-isabelle-delemer-association-sassocier-le-six-a-salses","status":"publish","type":"podcast","link":"https:\/\/radio-aviva.com\/perpignan\/podcast\/salon-du-livre-salses-le-chateau-francis-et-isabelle-delemer-association-sassocier-le-six-a-salses\/","title":{"rendered":"SALON DU LIVRE SALSES-LE-CH\u00c2TEAU &#8211; FRANCIS ET ISABELLE DELEMER, ASSOCIATION S&rsquo;ASSOCIER LE SIX A SALSES"},"content":{"rendered":"\n<p>Isabelle et Francis Delemer pr\u00e9sentent le premier salon litt\u00e9raire de Salses-le-ch\u00e2teau.<\/p>\n","protected":false},"author":1,"featured_media":9517,"template":"","tags":[],"podcastfilter":[170,86,168,190,171,292,265,255,134,239,281,212],"class_list":["post-9516","podcast","type-podcast","status-publish","has-post-thumbnail","hentry","podcastfilter-actions-culturelles","podcastfilter-art","podcastfilter-artiste","podcastfilter-association","podcastfilter-ateliers","podcastfilter-ateliers-pedagogiques","podcastfilter-concours","podcastfilter-evenement","podcastfilter-exposition","podcastfilter-invite-de-la-matinale","podcastfilter-litterature","podcastfilter-livre"],"_links":{"self":[{"href":"https:\/\/radio-aviva.com\/perpignan\/wp-json\/wp\/v2\/podcast\/9516","targetHints":{"allow":["GET"]}}],"collection":[{"href":"https:\/\/radio-aviva.com\/perpignan\/wp-json\/wp\/v2\/podcast"}],"about":[{"href":"https:\/\/radio-aviva.com\/perpignan\/wp-json\/wp\/v2\/types\/podcast"}],"author":[{"embeddable":true,"href":"https:\/\/radio-aviva.com\/perpignan\/wp-json\/wp\/v2\/users\/1"}],"version-history":[{"count":1,"href":"https:\/\/radio-aviva.com\/perpignan\/wp-json\/wp\/v2\/podcast\/9516\/revisions"}],"predecessor-version":[{"id":9518,"href":"https:\/\/radio-aviva.com\/perpignan\/wp-json\/wp\/v2\/podcast\/9516\/revisions\/9518"}],"wp:featuredmedia":[{"embeddable":true,"href":"https:\/\/radio-aviva.com\/perpignan\/wp-json\/wp\/v2\/media\/9517"}],"wp:attachment":[{"href":"https:\/\/radio-aviva.com\/perpignan\/wp-json\/wp\/v2\/media?parent=9516"}],"wp:term":[{"taxonomy":"post_tag","embeddable":true,"href":"https:\/\/radio-aviva.com\/perpignan\/wp-json\/wp\/v2\/tags?post=9516"},{"taxonomy":"podcastfilter","embeddable":true,"href":"https:\/\/radio-aviva.com\/perpignan\/wp-json\/wp\/v2\/podcastfilter?post=9516"}],"curies":[{"name":"wp","href":"https:\/\/api.w.org\/{rel}","templated":true}]}}

SALON DU LIVRE SALSES-LE-CHÂTEAU &#8211; FRANCIS ET ISABELLE DELEMER, ASSOCIATION S&rsquo;ASSOCIER LE SIX A SALSES

<p>Isabelle et Francis Delemer présentent le premier salon littéraire de Salses-le-château.</p>
