{"id":9519,"date":"2024-06-20T12:00:00","date_gmt":"2024-06-20T10:00:00","guid":{"rendered":"https:\/\/radio-aviva.com\/perpignan\/?post_type=podcast&#038;p=9519"},"modified":"2024-06-21T11:41:13","modified_gmt":"2024-06-21T09:41:13","slug":"train-french-tech-arthur-lemaire-vice-president-de-french-tech","status":"publish","type":"podcast","link":"https:\/\/radio-aviva.com\/perpignan\/podcast\/train-french-tech-arthur-lemaire-vice-president-de-french-tech\/","title":{"rendered":"TRAIN FRENCH TECH &#8211; ARTHUR LEMAIRE, VICE PR\u00c9SIDENT DE FRENCH TECH"},"content":{"rendered":"\n<p><span style=\"color: rgb(13, 13, 13); font-family: Helvetica, Arial, sans-serif; font-size: 13px;\">Arthur Lemaire, vice pr\u00e9sident de la French Tech Perpignan explique la cinqui\u00e8me \u00e9dition du train de la French Tech.<\/span><\/p>\n","protected":false},"author":1,"featured_media":9520,"template":"","tags":[],"podcastfilter":[265,181,306,175,210],"class_list":["post-9519","podcast","type-podcast","status-publish","has-post-thumbnail","hentry","podcastfilter-concours","podcastfilter-emploi","podcastfilter-french-tech","podcastfilter-invite-de-la-redaction","podcastfilter-travail"],"_links":{"self":[{"href":"https:\/\/radio-aviva.com\/perpignan\/wp-json\/wp\/v2\/podcast\/9519","targetHints":{"allow":["GET"]}}],"collection":[{"href":"https:\/\/radio-aviva.com\/perpignan\/wp-json\/wp\/v2\/podcast"}],"about":[{"href":"https:\/\/radio-aviva.com\/perpignan\/wp-json\/wp\/v2\/types\/podcast"}],"author":[{"embeddable":true,"href":"https:\/\/radio-aviva.com\/perpignan\/wp-json\/wp\/v2\/users\/1"}],"version-history":[{"count":1,"href":"https:\/\/radio-aviva.com\/perpignan\/wp-json\/wp\/v2\/podcast\/9519\/revisions"}],"predecessor-version":[{"id":9521,"href":"https:\/\/radio-aviva.com\/perpignan\/wp-json\/wp\/v2\/podcast\/9519\/revisions\/9521"}],"wp:featuredmedia":[{"embeddable":true,"href":"https:\/\/radio-aviva.com\/perpignan\/wp-json\/wp\/v2\/media\/9520"}],"wp:attachment":[{"href":"https:\/\/radio-aviva.com\/perpignan\/wp-json\/wp\/v2\/media?parent=9519"}],"wp:term":[{"taxonomy":"post_tag","embeddable":true,"href":"https:\/\/radio-aviva.com\/perpignan\/wp-json\/wp\/v2\/tags?post=9519"},{"taxonomy":"podcastfilter","embeddable":true,"href":"https:\/\/radio-aviva.com\/perpignan\/wp-json\/wp\/v2\/podcastfilter?post=9519"}],"curies":[{"name":"wp","href":"https:\/\/api.w.org\/{rel}","templated":true}]}}

TRAIN FRENCH TECH &#8211; ARTHUR LEMAIRE, VICE PRÉSIDENT DE FRENCH TECH

<p><span style="color: rgb(13, 13, 13); font-family: Helvetica, Arial, sans-serif; font-size: 13px;">Arthur Lemaire, vice président de la French Tech Perpignan explique la cinquième édition du train de la French Tech.</span></p>
