{"id":9524,"date":"2024-06-19T11:30:26","date_gmt":"2024-06-19T09:30:26","guid":{"rendered":"https:\/\/radio-aviva.com\/perpignan\/?post_type=podcast&#038;p=9524"},"modified":"2024-06-19T11:30:26","modified_gmt":"2024-06-19T09:30:26","slug":"forum-transfrontalier-a-latour-de-carole-presente-par-vincent-conseiller-emploi-chez-france-travail","status":"publish","type":"podcast","link":"https:\/\/radio-aviva.com\/perpignan\/podcast\/forum-transfrontalier-a-latour-de-carole-presente-par-vincent-conseiller-emploi-chez-france-travail\/","title":{"rendered":"FORUM TRANSFRONTALIER \u00c0 LATOUR DE CAROLE PR\u00c9SENT\u00c9 PAR VINCENT, CONSEILLER EMPLOI CHEZ FRANCE TRAVAIL"},"content":{"rendered":"\n<p>Ce forum transfrontalier regroupe de nombreuses offres pour la saison hivernale fran\u00e7aise, catalan et andorran. Cette occasion permet de travailler avec des h\u00f4tels cinq-\u00e9toiles, des stations de ski ou encore des magasins de location de ski. Vincent, conseiller chez France Travaille vous en dit plus sur ce forum.<\/p>\n","protected":false},"author":337,"featured_media":9006,"template":"","tags":[],"podcastfilter":[181,299,301,308,302],"class_list":["post-9524","podcast","type-podcast","status-publish","has-post-thumbnail","hentry","podcastfilter-emploi","podcastfilter-emploi-formations","podcastfilter-forum","podcastfilter-france-travail","podcastfilter-quelques-minutes-pour-lemploi"],"_links":{"self":[{"href":"https:\/\/radio-aviva.com\/perpignan\/wp-json\/wp\/v2\/podcast\/9524","targetHints":{"allow":["GET"]}}],"collection":[{"href":"https:\/\/radio-aviva.com\/perpignan\/wp-json\/wp\/v2\/podcast"}],"about":[{"href":"https:\/\/radio-aviva.com\/perpignan\/wp-json\/wp\/v2\/types\/podcast"}],"author":[{"embeddable":true,"href":"https:\/\/radio-aviva.com\/perpignan\/wp-json\/wp\/v2\/users\/337"}],"version-history":[{"count":1,"href":"https:\/\/radio-aviva.com\/perpignan\/wp-json\/wp\/v2\/podcast\/9524\/revisions"}],"predecessor-version":[{"id":9525,"href":"https:\/\/radio-aviva.com\/perpignan\/wp-json\/wp\/v2\/podcast\/9524\/revisions\/9525"}],"wp:featuredmedia":[{"embeddable":true,"href":"https:\/\/radio-aviva.com\/perpignan\/wp-json\/wp\/v2\/media\/9006"}],"wp:attachment":[{"href":"https:\/\/radio-aviva.com\/perpignan\/wp-json\/wp\/v2\/media?parent=9524"}],"wp:term":[{"taxonomy":"post_tag","embeddable":true,"href":"https:\/\/radio-aviva.com\/perpignan\/wp-json\/wp\/v2\/tags?post=9524"},{"taxonomy":"podcastfilter","embeddable":true,"href":"https:\/\/radio-aviva.com\/perpignan\/wp-json\/wp\/v2\/podcastfilter?post=9524"}],"curies":[{"name":"wp","href":"https:\/\/api.w.org\/{rel}","templated":true}]}}

FORUM TRANSFRONTALIER À LATOUR DE CAROLE PRÉSENTÉ PAR VINCENT, CONSEILLER EMPLOI CHEZ FRANCE TRAVAIL

<p>Ce forum transfrontalier regroupe de nombreuses offres pour la saison hivernale française, catalan et andorran. Cette occasion permet de travailler avec des hôtels cinq-étoiles, des stations de ski ou encore des magasins de location de ski. Vincent, conseiller chez France Travaille vous en dit plus sur ce forum.</p>
