{"id":9531,"date":"2024-06-20T12:13:46","date_gmt":"2024-06-20T10:13:46","guid":{"rendered":"https:\/\/radio-aviva.com\/perpignan\/podcast\/club-mbm-lahouari-machou-president-club-mbm\/"},"modified":"2024-06-20T15:05:05","modified_gmt":"2024-06-20T13:05:05","slug":"club-mbm-lahouari-machou-president-club-mbm","status":"publish","type":"podcast","link":"https:\/\/radio-aviva.com\/perpignan\/podcast\/club-mbm-lahouari-machou-president-club-mbm\/","title":{"rendered":"CLUB MBM &#8211; LAHOUARI MAACHOU, PRESIDENT CLUB MBM"},"content":{"rendered":"\n<p>Dans ce nouvel \u00e9pisode de l&rsquo;invit\u00e9 sportif, Sydney Biton re\u00e7oit Lahouari Maachou, pr\u00e9sident du club MBM.<\/p>\n","protected":false},"author":1,"featured_media":9532,"template":"","tags":[],"podcastfilter":[187,87,108,109,188],"class_list":["post-9531","podcast","type-podcast","status-publish","has-post-thumbnail","hentry","podcastfilter-linvite-sportif","podcastfilter-montpellier","podcastfilter-nimes","podcastfilter-perpignan","podcastfilter-sport"],"_links":{"self":[{"href":"https:\/\/radio-aviva.com\/perpignan\/wp-json\/wp\/v2\/podcast\/9531","targetHints":{"allow":["GET"]}}],"collection":[{"href":"https:\/\/radio-aviva.com\/perpignan\/wp-json\/wp\/v2\/podcast"}],"about":[{"href":"https:\/\/radio-aviva.com\/perpignan\/wp-json\/wp\/v2\/types\/podcast"}],"author":[{"embeddable":true,"href":"https:\/\/radio-aviva.com\/perpignan\/wp-json\/wp\/v2\/users\/1"}],"version-history":[{"count":1,"href":"https:\/\/radio-aviva.com\/perpignan\/wp-json\/wp\/v2\/podcast\/9531\/revisions"}],"predecessor-version":[{"id":9534,"href":"https:\/\/radio-aviva.com\/perpignan\/wp-json\/wp\/v2\/podcast\/9531\/revisions\/9534"}],"wp:featuredmedia":[{"embeddable":true,"href":"https:\/\/radio-aviva.com\/perpignan\/wp-json\/wp\/v2\/media\/9532"}],"wp:attachment":[{"href":"https:\/\/radio-aviva.com\/perpignan\/wp-json\/wp\/v2\/media?parent=9531"}],"wp:term":[{"taxonomy":"post_tag","embeddable":true,"href":"https:\/\/radio-aviva.com\/perpignan\/wp-json\/wp\/v2\/tags?post=9531"},{"taxonomy":"podcastfilter","embeddable":true,"href":"https:\/\/radio-aviva.com\/perpignan\/wp-json\/wp\/v2\/podcastfilter?post=9531"}],"curies":[{"name":"wp","href":"https:\/\/api.w.org\/{rel}","templated":true}]}}

<p>Dans ce nouvel épisode de l&rsquo;invité sportif, Sydney Biton reçoit Lahouari Maachou, président du club MBM.</p>
