{"id":9542,"date":"2024-06-25T14:05:09","date_gmt":"2024-06-25T12:05:09","guid":{"rendered":"https:\/\/radio-aviva.com\/perpignan\/?post_type=podcast&#038;p=9542"},"modified":"2024-06-25T14:05:10","modified_gmt":"2024-06-25T12:05:10","slug":"festval-de-leau-yann-proix-responsable-des-manifestations","status":"publish","type":"podcast","link":"https:\/\/radio-aviva.com\/perpignan\/podcast\/festval-de-leau-yann-proix-responsable-des-manifestations\/","title":{"rendered":"FESTVAL DE L&rsquo;EAU &#8211; YANN PROIX, RESPONSABLE DES MANIFESTATIONS"},"content":{"rendered":"\n<p>Lors du Festival de l&rsquo;Eau, Yann Proix, responsable des manifestations, a fait un retour sur l&rsquo;\u00e9v\u00e9nement au micro du studio de Radio Aviva Perpignan, partageant des informations sur les activit\u00e9s et les \u00e9v\u00e9nements qui ont \u00e9t\u00e9 organis\u00e9s.<\/p>\n","protected":false},"author":1,"featured_media":9535,"template":"","tags":[],"podcastfilter":[165,143,167],"class_list":["post-9542","podcast","type-podcast","status-publish","has-post-thumbnail","hentry","podcastfilter-culture-compagnie","podcastfilter-environnement","podcastfilter-festival"],"_links":{"self":[{"href":"https:\/\/radio-aviva.com\/perpignan\/wp-json\/wp\/v2\/podcast\/9542","targetHints":{"allow":["GET"]}}],"collection":[{"href":"https:\/\/radio-aviva.com\/perpignan\/wp-json\/wp\/v2\/podcast"}],"about":[{"href":"https:\/\/radio-aviva.com\/perpignan\/wp-json\/wp\/v2\/types\/podcast"}],"author":[{"embeddable":true,"href":"https:\/\/radio-aviva.com\/perpignan\/wp-json\/wp\/v2\/users\/1"}],"version-history":[{"count":1,"href":"https:\/\/radio-aviva.com\/perpignan\/wp-json\/wp\/v2\/podcast\/9542\/revisions"}],"predecessor-version":[{"id":9543,"href":"https:\/\/radio-aviva.com\/perpignan\/wp-json\/wp\/v2\/podcast\/9542\/revisions\/9543"}],"wp:featuredmedia":[{"embeddable":true,"href":"https:\/\/radio-aviva.com\/perpignan\/wp-json\/wp\/v2\/media\/9535"}],"wp:attachment":[{"href":"https:\/\/radio-aviva.com\/perpignan\/wp-json\/wp\/v2\/media?parent=9542"}],"wp:term":[{"taxonomy":"post_tag","embeddable":true,"href":"https:\/\/radio-aviva.com\/perpignan\/wp-json\/wp\/v2\/tags?post=9542"},{"taxonomy":"podcastfilter","embeddable":true,"href":"https:\/\/radio-aviva.com\/perpignan\/wp-json\/wp\/v2\/podcastfilter?post=9542"}],"curies":[{"name":"wp","href":"https:\/\/api.w.org\/{rel}","templated":true}]}}

<p>Lors du Festival de l&rsquo;Eau, Yann Proix, responsable des manifestations, a fait un retour sur l&rsquo;événement au micro du studio de Radio Aviva Perpignan, partageant des informations sur les activités et les événements qui ont été organisés.</p>
