{"id":9552,"date":"2024-07-02T09:45:00","date_gmt":"2024-07-02T07:45:00","guid":{"rendered":"https:\/\/radio-aviva.com\/perpignan\/?post_type=podcast&#038;p=9552"},"modified":"2024-06-26T15:50:21","modified_gmt":"2024-06-26T13:50:21","slug":"exposition-jean-lurcat-la-terre-le-feu-leau-lair-pascale-picard-directrice-et-conservatrice-musee-hyacinthe-rigaud","status":"publish","type":"podcast","link":"https:\/\/radio-aviva.com\/perpignan\/podcast\/exposition-jean-lurcat-la-terre-le-feu-leau-lair-pascale-picard-directrice-et-conservatrice-musee-hyacinthe-rigaud\/","title":{"rendered":"EXPOSITION JEAN LUR\u00c7AT LA TERRE, LE FEU, L&rsquo;EAU, L&rsquo;AIR- PASCALE PICARD, DIRECTRICE ET CONSERVATRICE, MUS\u00c9E HYACINTHE RIGAUD"},"content":{"rendered":"\n<p>Pascale Picard, directrice et conservatrice du mus\u00e9e Hyacinthe Rigaud pr\u00e9sente la nouvelle exposition sur Jean Lur\u00e7at : La terre, le feu, l&rsquo;eau, l&rsquo;air.<\/p>\n","protected":false},"author":1,"featured_media":9535,"template":"","tags":[],"podcastfilter":[170,86,168,272,165,134,144,284,109],"class_list":["post-9552","podcast","type-podcast","status-publish","has-post-thumbnail","hentry","podcastfilter-actions-culturelles","podcastfilter-art","podcastfilter-artiste","podcastfilter-culture","podcastfilter-culture-compagnie","podcastfilter-exposition","podcastfilter-histoire","podcastfilter-musee","podcastfilter-perpignan"],"_links":{"self":[{"href":"https:\/\/radio-aviva.com\/perpignan\/wp-json\/wp\/v2\/podcast\/9552","targetHints":{"allow":["GET"]}}],"collection":[{"href":"https:\/\/radio-aviva.com\/perpignan\/wp-json\/wp\/v2\/podcast"}],"about":[{"href":"https:\/\/radio-aviva.com\/perpignan\/wp-json\/wp\/v2\/types\/podcast"}],"author":[{"embeddable":true,"href":"https:\/\/radio-aviva.com\/perpignan\/wp-json\/wp\/v2\/users\/1"}],"version-history":[{"count":1,"href":"https:\/\/radio-aviva.com\/perpignan\/wp-json\/wp\/v2\/podcast\/9552\/revisions"}],"predecessor-version":[{"id":9553,"href":"https:\/\/radio-aviva.com\/perpignan\/wp-json\/wp\/v2\/podcast\/9552\/revisions\/9553"}],"wp:featuredmedia":[{"embeddable":true,"href":"https:\/\/radio-aviva.com\/perpignan\/wp-json\/wp\/v2\/media\/9535"}],"wp:attachment":[{"href":"https:\/\/radio-aviva.com\/perpignan\/wp-json\/wp\/v2\/media?parent=9552"}],"wp:term":[{"taxonomy":"post_tag","embeddable":true,"href":"https:\/\/radio-aviva.com\/perpignan\/wp-json\/wp\/v2\/tags?post=9552"},{"taxonomy":"podcastfilter","embeddable":true,"href":"https:\/\/radio-aviva.com\/perpignan\/wp-json\/wp\/v2\/podcastfilter?post=9552"}],"curies":[{"name":"wp","href":"https:\/\/api.w.org\/{rel}","templated":true}]}}

EXPOSITION JEAN LURÇAT LA TERRE, LE FEU, L&rsquo;EAU, L&rsquo;AIR- PASCALE PICARD, DIRECTRICE ET CONSERVATRICE, MUSÉE HYACINTHE RIGAUD

<p>Pascale Picard, directrice et conservatrice du musée Hyacinthe Rigaud présente la nouvelle exposition sur Jean Lurçat : La terre, le feu, l&rsquo;eau, l&rsquo;air.</p>
