{"id":9566,"date":"2024-07-02T12:02:10","date_gmt":"2024-07-02T10:02:10","guid":{"rendered":"https:\/\/radio-aviva.com\/perpignan\/podcast\/tournois-de-tennis-feminin-serge-aygalenq-directeur\/"},"modified":"2024-07-02T12:02:10","modified_gmt":"2024-07-02T10:02:10","slug":"tournois-de-tennis-feminin-serge-aygalenq-directeur","status":"publish","type":"podcast","link":"https:\/\/radio-aviva.com\/perpignan\/podcast\/tournois-de-tennis-feminin-serge-aygalenq-directeur\/","title":{"rendered":"TOURNOIS DE TENNIS FEMININ &#8211; SERGE AYGALENQ, DIRECTEUR"},"content":{"rendered":"\n<p>Dans ce nouvel \u00e9pisode de l&rsquo;invit\u00e9 sportif, Sydney Biton re\u00e7oit Serge Aygalenq, directeur du tournois de tennis f\u00e9minin.<\/p>\n","protected":false},"author":1,"featured_media":9567,"template":"","tags":[],"podcastfilter":[187,87,108,109,188],"class_list":["post-9566","podcast","type-podcast","status-publish","has-post-thumbnail","hentry","podcastfilter-linvite-sportif","podcastfilter-montpellier","podcastfilter-nimes","podcastfilter-perpignan","podcastfilter-sport"],"_links":{"self":[{"href":"https:\/\/radio-aviva.com\/perpignan\/wp-json\/wp\/v2\/podcast\/9566","targetHints":{"allow":["GET"]}}],"collection":[{"href":"https:\/\/radio-aviva.com\/perpignan\/wp-json\/wp\/v2\/podcast"}],"about":[{"href":"https:\/\/radio-aviva.com\/perpignan\/wp-json\/wp\/v2\/types\/podcast"}],"author":[{"embeddable":true,"href":"https:\/\/radio-aviva.com\/perpignan\/wp-json\/wp\/v2\/users\/1"}],"version-history":[{"count":0,"href":"https:\/\/radio-aviva.com\/perpignan\/wp-json\/wp\/v2\/podcast\/9566\/revisions"}],"wp:featuredmedia":[{"embeddable":true,"href":"https:\/\/radio-aviva.com\/perpignan\/wp-json\/wp\/v2\/media\/9567"}],"wp:attachment":[{"href":"https:\/\/radio-aviva.com\/perpignan\/wp-json\/wp\/v2\/media?parent=9566"}],"wp:term":[{"taxonomy":"post_tag","embeddable":true,"href":"https:\/\/radio-aviva.com\/perpignan\/wp-json\/wp\/v2\/tags?post=9566"},{"taxonomy":"podcastfilter","embeddable":true,"href":"https:\/\/radio-aviva.com\/perpignan\/wp-json\/wp\/v2\/podcastfilter?post=9566"}],"curies":[{"name":"wp","href":"https:\/\/api.w.org\/{rel}","templated":true}]}}

<p>Dans ce nouvel épisode de l&rsquo;invité sportif, Sydney Biton reçoit Serge Aygalenq, directeur du tournois de tennis féminin.</p>
