{"id":9574,"date":"2024-07-03T11:41:51","date_gmt":"2024-07-03T09:41:51","guid":{"rendered":"https:\/\/radio-aviva.com\/perpignan\/podcast\/tournee-herault-vacance-nicole-cahuzac-animatrice\/"},"modified":"2024-07-03T11:43:35","modified_gmt":"2024-07-03T09:43:35","slug":"tournee-herault-vacance-nicole-cahuzac-animatrice","status":"publish","type":"podcast","link":"https:\/\/radio-aviva.com\/perpignan\/podcast\/tournee-herault-vacance-nicole-cahuzac-animatrice\/","title":{"rendered":"TOURNEE HERAULT VACANCE &#8211; NICOLE CAHUZAC, ANIMATRICE"},"content":{"rendered":"\n<p>Dans ce nouvel \u00e9pisode de l&rsquo;invit\u00e9 sportif, Sydney Biton re\u00e7oit Nicole Cahuzac, venue nous parler de la tourn\u00e9 H\u00e9rault vacance.<\/p>\n","protected":false},"author":1,"featured_media":9575,"template":"","tags":[],"podcastfilter":[187,87,108,109,188],"class_list":["post-9574","podcast","type-podcast","status-publish","has-post-thumbnail","hentry","podcastfilter-linvite-sportif","podcastfilter-montpellier","podcastfilter-nimes","podcastfilter-perpignan","podcastfilter-sport"],"_links":{"self":[{"href":"https:\/\/radio-aviva.com\/perpignan\/wp-json\/wp\/v2\/podcast\/9574","targetHints":{"allow":["GET"]}}],"collection":[{"href":"https:\/\/radio-aviva.com\/perpignan\/wp-json\/wp\/v2\/podcast"}],"about":[{"href":"https:\/\/radio-aviva.com\/perpignan\/wp-json\/wp\/v2\/types\/podcast"}],"author":[{"embeddable":true,"href":"https:\/\/radio-aviva.com\/perpignan\/wp-json\/wp\/v2\/users\/1"}],"version-history":[{"count":1,"href":"https:\/\/radio-aviva.com\/perpignan\/wp-json\/wp\/v2\/podcast\/9574\/revisions"}],"predecessor-version":[{"id":9576,"href":"https:\/\/radio-aviva.com\/perpignan\/wp-json\/wp\/v2\/podcast\/9574\/revisions\/9576"}],"wp:featuredmedia":[{"embeddable":true,"href":"https:\/\/radio-aviva.com\/perpignan\/wp-json\/wp\/v2\/media\/9575"}],"wp:attachment":[{"href":"https:\/\/radio-aviva.com\/perpignan\/wp-json\/wp\/v2\/media?parent=9574"}],"wp:term":[{"taxonomy":"post_tag","embeddable":true,"href":"https:\/\/radio-aviva.com\/perpignan\/wp-json\/wp\/v2\/tags?post=9574"},{"taxonomy":"podcastfilter","embeddable":true,"href":"https:\/\/radio-aviva.com\/perpignan\/wp-json\/wp\/v2\/podcastfilter?post=9574"}],"curies":[{"name":"wp","href":"https:\/\/api.w.org\/{rel}","templated":true}]}}

<p>Dans ce nouvel épisode de l&rsquo;invité sportif, Sydney Biton reçoit Nicole Cahuzac, venue nous parler de la tourné Hérault vacance.</p>
