{"id":9579,"date":"2024-07-03T15:09:37","date_gmt":"2024-07-03T13:09:37","guid":{"rendered":"https:\/\/radio-aviva.com\/perpignan\/?post_type=podcast&#038;p=9579"},"modified":"2024-07-03T15:09:37","modified_gmt":"2024-07-03T13:09:37","slug":"retour-de-lexposition-du-photo-club-de-thuir-serge-maillard-president-de-lassociation","status":"publish","type":"podcast","link":"https:\/\/radio-aviva.com\/perpignan\/podcast\/retour-de-lexposition-du-photo-club-de-thuir-serge-maillard-president-de-lassociation\/","title":{"rendered":"RETOUR DE L&rsquo;EXPOSITION DU PHOTO CLUB DE THUIR &#8211; SERGE MAILLARD, PRESIDENT DE L&rsquo;ASSOCIATION"},"content":{"rendered":"\n<p>L&rsquo;exposition du Photo Club de Thuir a \u00e9t\u00e9 un succ\u00e8s retentissant. Serge Maillard, pr\u00e9sident de l&rsquo;association; L&rsquo;\u00e9mission \u00ab\u00a0Culture &amp; Compagnie\u00a0\u00bb sur Radio Aviva Perpignan a consacr\u00e9 un segment sp\u00e9cial pour revenir sur les moments forts de cette exposition, mettant en lumi\u00e8re les talents et la cr\u00e9ativit\u00e9 des membres du club.<\/p>\n","protected":false},"author":1,"featured_media":9535,"template":"","tags":[],"podcastfilter":[170,165,134,253],"class_list":["post-9579","podcast","type-podcast","status-publish","has-post-thumbnail","hentry","podcastfilter-actions-culturelles","podcastfilter-culture-compagnie","podcastfilter-exposition","podcastfilter-photographie"],"_links":{"self":[{"href":"https:\/\/radio-aviva.com\/perpignan\/wp-json\/wp\/v2\/podcast\/9579","targetHints":{"allow":["GET"]}}],"collection":[{"href":"https:\/\/radio-aviva.com\/perpignan\/wp-json\/wp\/v2\/podcast"}],"about":[{"href":"https:\/\/radio-aviva.com\/perpignan\/wp-json\/wp\/v2\/types\/podcast"}],"author":[{"embeddable":true,"href":"https:\/\/radio-aviva.com\/perpignan\/wp-json\/wp\/v2\/users\/1"}],"version-history":[{"count":1,"href":"https:\/\/radio-aviva.com\/perpignan\/wp-json\/wp\/v2\/podcast\/9579\/revisions"}],"predecessor-version":[{"id":9580,"href":"https:\/\/radio-aviva.com\/perpignan\/wp-json\/wp\/v2\/podcast\/9579\/revisions\/9580"}],"wp:featuredmedia":[{"embeddable":true,"href":"https:\/\/radio-aviva.com\/perpignan\/wp-json\/wp\/v2\/media\/9535"}],"wp:attachment":[{"href":"https:\/\/radio-aviva.com\/perpignan\/wp-json\/wp\/v2\/media?parent=9579"}],"wp:term":[{"taxonomy":"post_tag","embeddable":true,"href":"https:\/\/radio-aviva.com\/perpignan\/wp-json\/wp\/v2\/tags?post=9579"},{"taxonomy":"podcastfilter","embeddable":true,"href":"https:\/\/radio-aviva.com\/perpignan\/wp-json\/wp\/v2\/podcastfilter?post=9579"}],"curies":[{"name":"wp","href":"https:\/\/api.w.org\/{rel}","templated":true}]}}

<p>L&rsquo;exposition du Photo Club de Thuir a été un succès retentissant. Serge Maillard, président de l&rsquo;association; L&rsquo;émission « Culture &amp; Compagnie » sur Radio Aviva Perpignan a consacré un segment spécial pour revenir sur les moments forts de cette exposition, mettant en lumière les talents et la créativité des membres du club.</p>
