{"id":9585,"date":"2024-07-05T15:00:00","date_gmt":"2024-07-05T13:00:00","guid":{"rendered":"https:\/\/radio-aviva.com\/perpignan\/?post_type=podcast&#038;p=9585"},"modified":"2024-07-04T14:14:10","modified_gmt":"2024-07-04T12:14:10","slug":"festival-du-livre-vivant-hermeline-malherbe-presidente-du-departement-charles-chivilo-conseiller-departemental-joana-serra-gerente-de-la-librerie-catalana-xavier-salomo-illustrateur-ainsi-que","status":"publish","type":"podcast","link":"https:\/\/radio-aviva.com\/perpignan\/podcast\/festival-du-livre-vivant-hermeline-malherbe-presidente-du-departement-charles-chivilo-conseiller-departemental-joana-serra-gerente-de-la-librerie-catalana-xavier-salomo-illustrateur-ainsi-que\/","title":{"rendered":"FESTIVAL DU LIVRE VIVANT &#8211; HERMELINE MALHERBE, PR\u00c9SIDENTE DU D\u00c9PARTEMENT, CHARLES CHIVILO, CONSEILLER D\u00c9PARTEMENTAL, JOANA SERRA, G\u00c9RENTE DE LA LIBR\u00c9RIE CATALANA, XAVIER SALOMO, ILLUSTRATEUR AINSI QUE MERITXELL MARTI, AUTRICE"},"content":{"rendered":"\n<p>Durant ce festival, Nuria, journaliste \u00e0 l&rsquo;antenne de Perpignan, c&rsquo;est rendu dans le centre de Perpignan pour rencontrer Hermeline Malherbe, pr\u00e9sidente du d\u00e9partement,\u00a0Charles Chivilo, conseiller d\u00e9partemental, Joana Serra, g\u00e9rente de la libr\u00e9rie catalana, Xavier Salomo, illustrateur ainsi que Meritxell Marti, autrice.<\/p>\n","protected":false},"author":1,"featured_media":9557,"template":"","tags":[],"podcastfilter":[150,167,281,212],"class_list":["post-9585","podcast","type-podcast","status-publish","has-post-thumbnail","hentry","podcastfilter-entracte","podcastfilter-festival","podcastfilter-litterature","podcastfilter-livre"],"_links":{"self":[{"href":"https:\/\/radio-aviva.com\/perpignan\/wp-json\/wp\/v2\/podcast\/9585","targetHints":{"allow":["GET"]}}],"collection":[{"href":"https:\/\/radio-aviva.com\/perpignan\/wp-json\/wp\/v2\/podcast"}],"about":[{"href":"https:\/\/radio-aviva.com\/perpignan\/wp-json\/wp\/v2\/types\/podcast"}],"author":[{"embeddable":true,"href":"https:\/\/radio-aviva.com\/perpignan\/wp-json\/wp\/v2\/users\/1"}],"version-history":[{"count":1,"href":"https:\/\/radio-aviva.com\/perpignan\/wp-json\/wp\/v2\/podcast\/9585\/revisions"}],"predecessor-version":[{"id":9586,"href":"https:\/\/radio-aviva.com\/perpignan\/wp-json\/wp\/v2\/podcast\/9585\/revisions\/9586"}],"wp:featuredmedia":[{"embeddable":true,"href":"https:\/\/radio-aviva.com\/perpignan\/wp-json\/wp\/v2\/media\/9557"}],"wp:attachment":[{"href":"https:\/\/radio-aviva.com\/perpignan\/wp-json\/wp\/v2\/media?parent=9585"}],"wp:term":[{"taxonomy":"post_tag","embeddable":true,"href":"https:\/\/radio-aviva.com\/perpignan\/wp-json\/wp\/v2\/tags?post=9585"},{"taxonomy":"podcastfilter","embeddable":true,"href":"https:\/\/radio-aviva.com\/perpignan\/wp-json\/wp\/v2\/podcastfilter?post=9585"}],"curies":[{"name":"wp","href":"https:\/\/api.w.org\/{rel}","templated":true}]}}

FESTIVAL DU LIVRE VIVANT &#8211; HERMELINE MALHERBE, PRÉSIDENTE DU DÉPARTEMENT, CHARLES CHIVILO, CONSEILLER DÉPARTEMENTAL, JOANA SERRA, GÉRENTE DE LA LIBRÉRIE CATALANA, XAVIER SALOMO, ILLUSTRATEUR AINSI QUE MERITXELL MARTI, AUTRICE

<p>Durant ce festival, Nuria, journaliste à l&rsquo;antenne de Perpignan, c&rsquo;est rendu dans le centre de Perpignan pour rencontrer Hermeline Malherbe, présidente du département, Charles Chivilo, conseiller départemental, Joana Serra, gérente de la librérie catalana, Xavier Salomo, illustrateur ainsi que Meritxell Marti, autrice.</p>
