{"id":9589,"date":"2024-07-16T09:45:00","date_gmt":"2024-07-16T07:45:00","guid":{"rendered":"https:\/\/radio-aviva.com\/perpignan\/?post_type=podcast&#038;p=9589"},"modified":"2024-07-04T14:31:48","modified_gmt":"2024-07-04T12:31:48","slug":"presentation-de-lassociation-de-la-casa-musicale-rebecca-bouillou-directrice-de-la-casa-musicale","status":"publish","type":"podcast","link":"https:\/\/radio-aviva.com\/perpignan\/podcast\/presentation-de-lassociation-de-la-casa-musicale-rebecca-bouillou-directrice-de-la-casa-musicale\/","title":{"rendered":"PR\u00c9SENTATION DE L&rsquo;ASSOCIATION DE LA CASA MUSICALE &#8211; REBECCA BOUILLOU, DIRECTRICE DE LA CASA MUSICALE"},"content":{"rendered":"\n<p>Nuria, c&rsquo;est rendue au forum des assos de Perpignan Samedi 29 juin 2024 et \u00e0 rencontrer la directrice de la Casa Musicale, Rebecca Bouillou. Durant cette interview, vous d\u00e9couvrirez toutes les sp\u00e9cificit\u00e9s de cette grande association.<\/p>\n","protected":false},"author":1,"featured_media":9514,"template":"","tags":[],"podcastfilter":[190,88,109,148],"class_list":["post-9589","podcast","type-podcast","status-publish","has-post-thumbnail","hentry","podcastfilter-association","podcastfilter-musique","podcastfilter-perpignan","podcastfilter-voix-des-assos"],"_links":{"self":[{"href":"https:\/\/radio-aviva.com\/perpignan\/wp-json\/wp\/v2\/podcast\/9589","targetHints":{"allow":["GET"]}}],"collection":[{"href":"https:\/\/radio-aviva.com\/perpignan\/wp-json\/wp\/v2\/podcast"}],"about":[{"href":"https:\/\/radio-aviva.com\/perpignan\/wp-json\/wp\/v2\/types\/podcast"}],"author":[{"embeddable":true,"href":"https:\/\/radio-aviva.com\/perpignan\/wp-json\/wp\/v2\/users\/1"}],"version-history":[{"count":2,"href":"https:\/\/radio-aviva.com\/perpignan\/wp-json\/wp\/v2\/podcast\/9589\/revisions"}],"predecessor-version":[{"id":9592,"href":"https:\/\/radio-aviva.com\/perpignan\/wp-json\/wp\/v2\/podcast\/9589\/revisions\/9592"}],"wp:featuredmedia":[{"embeddable":true,"href":"https:\/\/radio-aviva.com\/perpignan\/wp-json\/wp\/v2\/media\/9514"}],"wp:attachment":[{"href":"https:\/\/radio-aviva.com\/perpignan\/wp-json\/wp\/v2\/media?parent=9589"}],"wp:term":[{"taxonomy":"post_tag","embeddable":true,"href":"https:\/\/radio-aviva.com\/perpignan\/wp-json\/wp\/v2\/tags?post=9589"},{"taxonomy":"podcastfilter","embeddable":true,"href":"https:\/\/radio-aviva.com\/perpignan\/wp-json\/wp\/v2\/podcastfilter?post=9589"}],"curies":[{"name":"wp","href":"https:\/\/api.w.org\/{rel}","templated":true}]}}

PRÉSENTATION DE L&rsquo;ASSOCIATION DE LA CASA MUSICALE &#8211; REBECCA BOUILLOU, DIRECTRICE DE LA CASA MUSICALE

<p>Nuria, c&rsquo;est rendue au forum des assos de Perpignan Samedi 29 juin 2024 et à rencontrer la directrice de la Casa Musicale, Rebecca Bouillou. Durant cette interview, vous découvrirez toutes les spécificités de cette grande association.</p>
