{"id":9598,"date":"2024-07-24T09:45:00","date_gmt":"2024-07-24T07:45:00","guid":{"rendered":"https:\/\/radio-aviva.com\/perpignan\/?post_type=podcast&#038;p=9598"},"modified":"2024-07-05T09:58:19","modified_gmt":"2024-07-05T07:58:19","slug":"presentation-de-lassociation-les-blouses-roses-dominique-willems-adherante-de-lassociation","status":"publish","type":"podcast","link":"https:\/\/radio-aviva.com\/perpignan\/podcast\/presentation-de-lassociation-les-blouses-roses-dominique-willems-adherante-de-lassociation\/","title":{"rendered":"PR\u00c9SENTATION DE L&rsquo;ASSOCIATION LES BLOUSES ROSES &#8211; DOMINIQUE WILLEMS, ADHERANTE DE L&rsquo;ASSOCIATION"},"content":{"rendered":"\n<p>Nuria, journaliste \u00e0 Radio Aviva Perpignan s&rsquo;est rendu sur le forum des asso dans ce centre-ville de Perpignan pour interviewer les Blouses Roses. Cette association, qui de par leurs noms \u00e9tablissent des actions au sein d&rsquo;\u00e9tablissements de sant\u00e9, vient en aide aux enfants comme aux personnes \u00e2g\u00e9es. Dominique Willems, adh\u00e9rente de l&rsquo;association, nous en parle.<\/p>\n","protected":false},"author":1,"featured_media":9514,"template":"","tags":[],"podcastfilter":[190,191,119,148],"class_list":["post-9598","podcast","type-podcast","status-publish","has-post-thumbnail","hentry","podcastfilter-association","podcastfilter-bien-etre-2","podcastfilter-sante","podcastfilter-voix-des-assos"],"_links":{"self":[{"href":"https:\/\/radio-aviva.com\/perpignan\/wp-json\/wp\/v2\/podcast\/9598","targetHints":{"allow":["GET"]}}],"collection":[{"href":"https:\/\/radio-aviva.com\/perpignan\/wp-json\/wp\/v2\/podcast"}],"about":[{"href":"https:\/\/radio-aviva.com\/perpignan\/wp-json\/wp\/v2\/types\/podcast"}],"author":[{"embeddable":true,"href":"https:\/\/radio-aviva.com\/perpignan\/wp-json\/wp\/v2\/users\/1"}],"version-history":[{"count":1,"href":"https:\/\/radio-aviva.com\/perpignan\/wp-json\/wp\/v2\/podcast\/9598\/revisions"}],"predecessor-version":[{"id":9599,"href":"https:\/\/radio-aviva.com\/perpignan\/wp-json\/wp\/v2\/podcast\/9598\/revisions\/9599"}],"wp:featuredmedia":[{"embeddable":true,"href":"https:\/\/radio-aviva.com\/perpignan\/wp-json\/wp\/v2\/media\/9514"}],"wp:attachment":[{"href":"https:\/\/radio-aviva.com\/perpignan\/wp-json\/wp\/v2\/media?parent=9598"}],"wp:term":[{"taxonomy":"post_tag","embeddable":true,"href":"https:\/\/radio-aviva.com\/perpignan\/wp-json\/wp\/v2\/tags?post=9598"},{"taxonomy":"podcastfilter","embeddable":true,"href":"https:\/\/radio-aviva.com\/perpignan\/wp-json\/wp\/v2\/podcastfilter?post=9598"}],"curies":[{"name":"wp","href":"https:\/\/api.w.org\/{rel}","templated":true}]}}

PRÉSENTATION DE L&rsquo;ASSOCIATION LES BLOUSES ROSES &#8211; DOMINIQUE WILLEMS, ADHERANTE DE L&rsquo;ASSOCIATION

<p>Nuria, journaliste à Radio Aviva Perpignan s&rsquo;est rendu sur le forum des asso dans ce centre-ville de Perpignan pour interviewer les Blouses Roses. Cette association, qui de par leurs noms établissent des actions au sein d&rsquo;établissements de santé, vient en aide aux enfants comme aux personnes âgées. Dominique Willems, adhérente de l&rsquo;association, nous en parle.</p>
