{"id":9604,"date":"2024-07-18T09:45:00","date_gmt":"2024-07-18T07:45:00","guid":{"rendered":"https:\/\/radio-aviva.com\/perpignan\/?post_type=podcast&#038;p=9604"},"modified":"2024-07-05T10:44:36","modified_gmt":"2024-07-05T08:44:36","slug":"presentation-du-forum-des-asso-charles-pons-premier-adjoint-au-maire","status":"publish","type":"podcast","link":"https:\/\/radio-aviva.com\/perpignan\/podcast\/presentation-du-forum-des-asso-charles-pons-premier-adjoint-au-maire\/","title":{"rendered":"PR\u00c9SENTATION DU FORUM DES ASSO &#8211; CHARLES PONS, PREMIER ADJOINT AU MAIRE"},"content":{"rendered":"\n<p>Nuria, journaliste \u00e0 Radio Aviva, c&rsquo;est rendu samedi 29 juin 2024 au forum des associations. Durant ce forum, elle a rencontr\u00e9 Charles Pons, l&rsquo;adjoint au maire de Perpignan avec qui elle a pu parler et donc pr\u00e9senter dans les grandes lignes, ce forum des associations 2024.<\/p>\n","protected":false},"author":1,"featured_media":9514,"template":"","tags":[],"podcastfilter":[190,301,148],"class_list":["post-9604","podcast","type-podcast","status-publish","has-post-thumbnail","hentry","podcastfilter-association","podcastfilter-forum","podcastfilter-voix-des-assos"],"_links":{"self":[{"href":"https:\/\/radio-aviva.com\/perpignan\/wp-json\/wp\/v2\/podcast\/9604","targetHints":{"allow":["GET"]}}],"collection":[{"href":"https:\/\/radio-aviva.com\/perpignan\/wp-json\/wp\/v2\/podcast"}],"about":[{"href":"https:\/\/radio-aviva.com\/perpignan\/wp-json\/wp\/v2\/types\/podcast"}],"author":[{"embeddable":true,"href":"https:\/\/radio-aviva.com\/perpignan\/wp-json\/wp\/v2\/users\/1"}],"version-history":[{"count":1,"href":"https:\/\/radio-aviva.com\/perpignan\/wp-json\/wp\/v2\/podcast\/9604\/revisions"}],"predecessor-version":[{"id":9606,"href":"https:\/\/radio-aviva.com\/perpignan\/wp-json\/wp\/v2\/podcast\/9604\/revisions\/9606"}],"wp:featuredmedia":[{"embeddable":true,"href":"https:\/\/radio-aviva.com\/perpignan\/wp-json\/wp\/v2\/media\/9514"}],"wp:attachment":[{"href":"https:\/\/radio-aviva.com\/perpignan\/wp-json\/wp\/v2\/media?parent=9604"}],"wp:term":[{"taxonomy":"post_tag","embeddable":true,"href":"https:\/\/radio-aviva.com\/perpignan\/wp-json\/wp\/v2\/tags?post=9604"},{"taxonomy":"podcastfilter","embeddable":true,"href":"https:\/\/radio-aviva.com\/perpignan\/wp-json\/wp\/v2\/podcastfilter?post=9604"}],"curies":[{"name":"wp","href":"https:\/\/api.w.org\/{rel}","templated":true}]}}

PRÉSENTATION DU FORUM DES ASSO &#8211; CHARLES PONS, PREMIER ADJOINT AU MAIRE

<p>Nuria, journaliste à Radio Aviva, c&rsquo;est rendu samedi 29 juin 2024 au forum des associations. Durant ce forum, elle a rencontré Charles Pons, l&rsquo;adjoint au maire de Perpignan avec qui elle a pu parler et donc présenter dans les grandes lignes, ce forum des associations 2024.</p>
