{"id":9607,"date":"2024-07-11T09:45:00","date_gmt":"2024-07-11T07:45:00","guid":{"rendered":"https:\/\/radio-aviva.com\/perpignan\/?post_type=podcast&#038;p=9607"},"modified":"2024-07-11T09:45:23","modified_gmt":"2024-07-11T07:45:23","slug":"presentation-de-lassociation-le-temps-du-costume-roussillonnais-laurent-fronquernie-president","status":"publish","type":"podcast","link":"https:\/\/radio-aviva.com\/perpignan\/podcast\/presentation-de-lassociation-le-temps-du-costume-roussillonnais-laurent-fronquernie-president\/","title":{"rendered":"PR\u00c9SENTATION DE L&rsquo;ASSOCIATION LE TEMPS DU COSTUME ROUSSILLONNAIS &#8211; LAURENT FRONQUERNIE, PR\u00c9SIDENT"},"content":{"rendered":"\r\n<p>Nuria, journaliste \u00e0 radio Aviva s&rsquo;est rendue au forum des associations le 29 juin 2024. Durant ce forum, elle a pu pr\u00e9senter l&rsquo;association Le Temps du costume Roussillonnais et plus pr\u00e9cis\u00e9ment, son pr\u00e9sident Laurent Fronquernie.<\/p>\r\n","protected":false},"author":1,"featured_media":9514,"template":"","tags":[],"podcastfilter":[190,144,305,148],"class_list":["post-9607","podcast","type-podcast","status-publish","has-post-thumbnail","hentry","podcastfilter-association","podcastfilter-histoire","podcastfilter-tradition","podcastfilter-voix-des-assos"],"_links":{"self":[{"href":"https:\/\/radio-aviva.com\/perpignan\/wp-json\/wp\/v2\/podcast\/9607","targetHints":{"allow":["GET"]}}],"collection":[{"href":"https:\/\/radio-aviva.com\/perpignan\/wp-json\/wp\/v2\/podcast"}],"about":[{"href":"https:\/\/radio-aviva.com\/perpignan\/wp-json\/wp\/v2\/types\/podcast"}],"author":[{"embeddable":true,"href":"https:\/\/radio-aviva.com\/perpignan\/wp-json\/wp\/v2\/users\/1"}],"version-history":[{"count":1,"href":"https:\/\/radio-aviva.com\/perpignan\/wp-json\/wp\/v2\/podcast\/9607\/revisions"}],"predecessor-version":[{"id":9608,"href":"https:\/\/radio-aviva.com\/perpignan\/wp-json\/wp\/v2\/podcast\/9607\/revisions\/9608"}],"wp:featuredmedia":[{"embeddable":true,"href":"https:\/\/radio-aviva.com\/perpignan\/wp-json\/wp\/v2\/media\/9514"}],"wp:attachment":[{"href":"https:\/\/radio-aviva.com\/perpignan\/wp-json\/wp\/v2\/media?parent=9607"}],"wp:term":[{"taxonomy":"post_tag","embeddable":true,"href":"https:\/\/radio-aviva.com\/perpignan\/wp-json\/wp\/v2\/tags?post=9607"},{"taxonomy":"podcastfilter","embeddable":true,"href":"https:\/\/radio-aviva.com\/perpignan\/wp-json\/wp\/v2\/podcastfilter?post=9607"}],"curies":[{"name":"wp","href":"https:\/\/api.w.org\/{rel}","templated":true}]}}

PRÉSENTATION DE L&rsquo;ASSOCIATION LE TEMPS DU COSTUME ROUSSILLONNAIS &#8211; LAURENT FRONQUERNIE, PRÉSIDENT

<p>Nuria, journaliste à radio Aviva s&rsquo;est rendue au forum des associations le 29 juin 2024. Durant ce forum, elle a pu présenter l&rsquo;association Le Temps du costume Roussillonnais et plus précisément, son président Laurent Fronquernie.</p>
