{"id":9624,"date":"2024-07-10T11:31:02","date_gmt":"2024-07-10T09:31:02","guid":{"rendered":"https:\/\/radio-aviva.com\/perpignan\/podcast\/tournee-herault-vacances-genevieve-paleau-responsable-communication\/"},"modified":"2024-07-10T11:54:21","modified_gmt":"2024-07-10T09:54:21","slug":"tournee-herault-vacances-genevieve-paleau-responsable-communication","status":"publish","type":"podcast","link":"https:\/\/radio-aviva.com\/perpignan\/podcast\/tournee-herault-vacances-genevieve-paleau-responsable-communication\/","title":{"rendered":"TOURNEE HERAULT VACANCES &#8211; GENEVIEVE PALEAU, RESPONSABLE COMMUNICATION"},"content":{"rendered":"<p>&nbsp;<\/p>\n<p>Dans ce nouvel \u00e9pisode de l&rsquo;invit\u00e9 sportif, Sydney Biton re\u00e7oit Genevi\u00e8ve Paleau, venu nous parler de la tourn\u00e9e H\u00e9rault vacance \u00e0 La Liqui\u00e8re Cabrerolles.<\/p>\n","protected":false},"author":1,"featured_media":9575,"template":"","tags":[],"podcastfilter":[187,87,108,109,188],"class_list":["post-9624","podcast","type-podcast","status-publish","has-post-thumbnail","hentry","podcastfilter-linvite-sportif","podcastfilter-montpellier","podcastfilter-nimes","podcastfilter-perpignan","podcastfilter-sport"],"_links":{"self":[{"href":"https:\/\/radio-aviva.com\/perpignan\/wp-json\/wp\/v2\/podcast\/9624","targetHints":{"allow":["GET"]}}],"collection":[{"href":"https:\/\/radio-aviva.com\/perpignan\/wp-json\/wp\/v2\/podcast"}],"about":[{"href":"https:\/\/radio-aviva.com\/perpignan\/wp-json\/wp\/v2\/types\/podcast"}],"author":[{"embeddable":true,"href":"https:\/\/radio-aviva.com\/perpignan\/wp-json\/wp\/v2\/users\/1"}],"version-history":[{"count":1,"href":"https:\/\/radio-aviva.com\/perpignan\/wp-json\/wp\/v2\/podcast\/9624\/revisions"}],"predecessor-version":[{"id":9627,"href":"https:\/\/radio-aviva.com\/perpignan\/wp-json\/wp\/v2\/podcast\/9624\/revisions\/9627"}],"wp:featuredmedia":[{"embeddable":true,"href":"https:\/\/radio-aviva.com\/perpignan\/wp-json\/wp\/v2\/media\/9575"}],"wp:attachment":[{"href":"https:\/\/radio-aviva.com\/perpignan\/wp-json\/wp\/v2\/media?parent=9624"}],"wp:term":[{"taxonomy":"post_tag","embeddable":true,"href":"https:\/\/radio-aviva.com\/perpignan\/wp-json\/wp\/v2\/tags?post=9624"},{"taxonomy":"podcastfilter","embeddable":true,"href":"https:\/\/radio-aviva.com\/perpignan\/wp-json\/wp\/v2\/podcastfilter?post=9624"}],"curies":[{"name":"wp","href":"https:\/\/api.w.org\/{rel}","templated":true}]}}

<p>&nbsp;</p>
<p>Dans ce nouvel épisode de l&rsquo;invité sportif, Sydney Biton reçoit Geneviève Paleau, venu nous parler de la tournée Hérault vacance à La Liquière Cabrerolles.</p>
