{"id":9628,"date":"2024-07-10T18:00:54","date_gmt":"2024-07-10T16:00:54","guid":{"rendered":"https:\/\/radio-aviva.com\/perpignan\/podcast\/tournoi-beach-tennis-christophe-bel-president-du-beach-tennis-palavas\/"},"modified":"2024-07-10T18:00:54","modified_gmt":"2024-07-10T16:00:54","slug":"tournoi-beach-tennis-christophe-bel-president-du-beach-tennis-palavas","status":"publish","type":"podcast","link":"https:\/\/radio-aviva.com\/perpignan\/podcast\/tournoi-beach-tennis-christophe-bel-president-du-beach-tennis-palavas\/","title":{"rendered":"TOURNOI BEACH TENNIS &#8211; CHRISTOPHE BEL, PR\u00c9SIDENT DU BEACH TENNIS PALAVAS"},"content":{"rendered":"<p>Dans ce nouvel \u00e9pisode de l\u2019invit\u00e9 sportif, Sydney Biton re\u00e7oit Christophe Bel, venu nous parler des championnats de France 2023 de Beach Tennis qui se d\u00e9rouleront du 21 au 24 ao\u00fbt \u00e0 Palavas-les-Flots (Occitanie) .<\/p>\n<p><img fetchpriority=\"high\" decoding=\"async\" class=\"alignnone size-full wp-image-9629\" src=\"https:\/\/radio-aviva.com\/perpignan\/wp-content\/uploads\/sites\/7\/2024\/07\/f0eea96259153b640da676df51e06e9e.jpeg\" alt=\"\" width=\"408\" height=\"272\" \/><\/p>\n<p><a href=\"https:\/\/spotyride.com\/evenement\/7cbd8b14-championnats-de-france-beach-tennis\">https:\/\/spotyride.com\/evenement\/7cbd8b14-championnats-de-france-beach-tennis<\/a><\/p>\n","protected":false},"author":1,"featured_media":8953,"template":"","tags":[],"podcastfilter":[187,87,108,109,232],"class_list":["post-9628","podcast","type-podcast","status-publish","has-post-thumbnail","hentry","podcastfilter-linvite-sportif","podcastfilter-montpellier","podcastfilter-nimes","podcastfilter-perpignan","podcastfilter-tournoi"],"_links":{"self":[{"href":"https:\/\/radio-aviva.com\/perpignan\/wp-json\/wp\/v2\/podcast\/9628","targetHints":{"allow":["GET"]}}],"collection":[{"href":"https:\/\/radio-aviva.com\/perpignan\/wp-json\/wp\/v2\/podcast"}],"about":[{"href":"https:\/\/radio-aviva.com\/perpignan\/wp-json\/wp\/v2\/types\/podcast"}],"author":[{"embeddable":true,"href":"https:\/\/radio-aviva.com\/perpignan\/wp-json\/wp\/v2\/users\/1"}],"version-history":[{"count":1,"href":"https:\/\/radio-aviva.com\/perpignan\/wp-json\/wp\/v2\/podcast\/9628\/revisions"}],"predecessor-version":[{"id":9630,"href":"https:\/\/radio-aviva.com\/perpignan\/wp-json\/wp\/v2\/podcast\/9628\/revisions\/9630"}],"wp:featuredmedia":[{"embeddable":true,"href":"https:\/\/radio-aviva.com\/perpignan\/wp-json\/wp\/v2\/media\/8953"}],"wp:attachment":[{"href":"https:\/\/radio-aviva.com\/perpignan\/wp-json\/wp\/v2\/media?parent=9628"}],"wp:term":[{"taxonomy":"post_tag","embeddable":true,"href":"https:\/\/radio-aviva.com\/perpignan\/wp-json\/wp\/v2\/tags?post=9628"},{"taxonomy":"podcastfilter","embeddable":true,"href":"https:\/\/radio-aviva.com\/perpignan\/wp-json\/wp\/v2\/podcastfilter?post=9628"}],"curies":[{"name":"wp","href":"https:\/\/api.w.org\/{rel}","templated":true}]}}

TOURNOI BEACH TENNIS &#8211; CHRISTOPHE BEL, PRÉSIDENT DU BEACH TENNIS PALAVAS

<p>Dans ce nouvel épisode de l’invité sportif, Sydney Biton reçoit Christophe Bel, venu nous parler des championnats de France 2023 de Beach Tennis qui se dérouleront du 21 au 24 août à Palavas-les-Flots (Occitanie) .</p>
<p><img fetchpriority="high" decoding="async" class="alignnone size-full wp-image-9629" src="https://radio-aviva.com/perpignan/wp-content/uploads/sites/7/2024/07/f0eea96259153b640da676df51e06e9e.jpeg" alt="" width="408" height="272" /></p>
<p><a href="https://spotyride.com/evenement/7cbd8b14-championnats-de-france-beach-tennis">https://spotyride.com/evenement/7cbd8b14-championnats-de-france-beach-tennis</a></p>
