{"id":9712,"date":"2024-08-01T09:45:43","date_gmt":"2024-08-01T07:45:43","guid":{"rendered":"https:\/\/radio-aviva.com\/perpignan\/?post_type=podcast&#038;p=9712"},"modified":"2024-07-18T10:07:23","modified_gmt":"2024-07-18T08:07:23","slug":"retour-festival-les-biens-lunes-jean-francois-bourrat-president-de-lassociation-les-bien-lunes","status":"publish","type":"podcast","link":"https:\/\/radio-aviva.com\/perpignan\/podcast\/retour-festival-les-biens-lunes-jean-francois-bourrat-president-de-lassociation-les-bien-lunes\/","title":{"rendered":"RETOUR FESTIVAL LES BIENS LUN\u00c9S &#8211; JEAN-FRAN\u00c7OIS BOURRAT, PR\u00c9SIDENT DE L&rsquo;ASSOCIATION LES BIEN LUN\u00c9S"},"content":{"rendered":"<p>Jean-Fran\u00e7ois Bourrat, pr\u00e9sident de l&rsquo;association les bien lun\u00e9s fait un retour sur le festival \u00ab\u00a0les bien lun\u00e9s\u00a0\u00bb.<\/p>\n","protected":false},"author":337,"featured_media":9514,"template":"","tags":[],"podcastfilter":[219,168,190,292,191,207,255,167,235,286,194,109,266,264,140,278,148],"class_list":["post-9712","podcast","type-podcast","status-publish","has-post-thumbnail","hentry","podcastfilter-apprentissage","podcastfilter-artiste","podcastfilter-association","podcastfilter-ateliers-pedagogiques","podcastfilter-bien-etre-2","podcastfilter-danse","podcastfilter-evenement","podcastfilter-festival","podcastfilter-fete","podcastfilter-institution","podcastfilter-occitanie","podcastfilter-perpignan","podcastfilter-pop-culture","podcastfilter-prevention","podcastfilter-programmation-culturelle","podcastfilter-rencontre","podcastfilter-voix-des-assos"],"_links":{"self":[{"href":"https:\/\/radio-aviva.com\/perpignan\/wp-json\/wp\/v2\/podcast\/9712","targetHints":{"allow":["GET"]}}],"collection":[{"href":"https:\/\/radio-aviva.com\/perpignan\/wp-json\/wp\/v2\/podcast"}],"about":[{"href":"https:\/\/radio-aviva.com\/perpignan\/wp-json\/wp\/v2\/types\/podcast"}],"author":[{"embeddable":true,"href":"https:\/\/radio-aviva.com\/perpignan\/wp-json\/wp\/v2\/users\/337"}],"version-history":[{"count":1,"href":"https:\/\/radio-aviva.com\/perpignan\/wp-json\/wp\/v2\/podcast\/9712\/revisions"}],"predecessor-version":[{"id":9713,"href":"https:\/\/radio-aviva.com\/perpignan\/wp-json\/wp\/v2\/podcast\/9712\/revisions\/9713"}],"wp:featuredmedia":[{"embeddable":true,"href":"https:\/\/radio-aviva.com\/perpignan\/wp-json\/wp\/v2\/media\/9514"}],"wp:attachment":[{"href":"https:\/\/radio-aviva.com\/perpignan\/wp-json\/wp\/v2\/media?parent=9712"}],"wp:term":[{"taxonomy":"post_tag","embeddable":true,"href":"https:\/\/radio-aviva.com\/perpignan\/wp-json\/wp\/v2\/tags?post=9712"},{"taxonomy":"podcastfilter","embeddable":true,"href":"https:\/\/radio-aviva.com\/perpignan\/wp-json\/wp\/v2\/podcastfilter?post=9712"}],"curies":[{"name":"wp","href":"https:\/\/api.w.org\/{rel}","templated":true}]}}

RETOUR FESTIVAL LES BIENS LUNÉS &#8211; JEAN-FRANÇOIS BOURRAT, PRÉSIDENT DE L&rsquo;ASSOCIATION LES BIEN LUNÉS

<p>Jean-François Bourrat, président de l&rsquo;association les bien lunés fait un retour sur le festival « les bien lunés ».</p>
