{"id":9716,"date":"2024-07-18T10:30:10","date_gmt":"2024-07-18T08:30:10","guid":{"rendered":"https:\/\/radio-aviva.com\/perpignan\/?post_type=podcast&#038;p=9716"},"modified":"2024-07-18T10:30:10","modified_gmt":"2024-07-18T08:30:10","slug":"presentation-documentaire-tautavel-emma-baus-realisatrice","status":"publish","type":"podcast","link":"https:\/\/radio-aviva.com\/perpignan\/podcast\/presentation-documentaire-tautavel-emma-baus-realisatrice\/","title":{"rendered":"PR\u00c9SENTATION DOCUMENTAIRE TAUTAVEL &#8211; EMMA BAUS, R\u00c9ALISATRICE"},"content":{"rendered":"<p>Emma Baus, r\u00e9alisatrice du documentaire \u00ab\u00a0Tautavel, vivre en Europe avant N\u00e9andertal\u00a0\u00bb nous le pr\u00e9sente.<\/p>\n","protected":false},"author":337,"featured_media":9545,"template":"","tags":[],"podcastfilter":[170,219,195,228,144,239,139,133,194,109,140,180,186],"class_list":["post-9716","podcast","type-podcast","status-publish","has-post-thumbnail","hentry","podcastfilter-actions-culturelles","podcastfilter-apprentissage","podcastfilter-archeologie","podcastfilter-ceremonie","podcastfilter-histoire","podcastfilter-invite-de-la-matinale","podcastfilter-linvite-de-la-matinale","podcastfilter-memoire","podcastfilter-occitanie","podcastfilter-perpignan","podcastfilter-programmation-culturelle","podcastfilter-pyrenees-orientales","podcastfilter-pyrenees-orientales-2"],"_links":{"self":[{"href":"https:\/\/radio-aviva.com\/perpignan\/wp-json\/wp\/v2\/podcast\/9716","targetHints":{"allow":["GET"]}}],"collection":[{"href":"https:\/\/radio-aviva.com\/perpignan\/wp-json\/wp\/v2\/podcast"}],"about":[{"href":"https:\/\/radio-aviva.com\/perpignan\/wp-json\/wp\/v2\/types\/podcast"}],"author":[{"embeddable":true,"href":"https:\/\/radio-aviva.com\/perpignan\/wp-json\/wp\/v2\/users\/337"}],"version-history":[{"count":1,"href":"https:\/\/radio-aviva.com\/perpignan\/wp-json\/wp\/v2\/podcast\/9716\/revisions"}],"predecessor-version":[{"id":9717,"href":"https:\/\/radio-aviva.com\/perpignan\/wp-json\/wp\/v2\/podcast\/9716\/revisions\/9717"}],"wp:featuredmedia":[{"embeddable":true,"href":"https:\/\/radio-aviva.com\/perpignan\/wp-json\/wp\/v2\/media\/9545"}],"wp:attachment":[{"href":"https:\/\/radio-aviva.com\/perpignan\/wp-json\/wp\/v2\/media?parent=9716"}],"wp:term":[{"taxonomy":"post_tag","embeddable":true,"href":"https:\/\/radio-aviva.com\/perpignan\/wp-json\/wp\/v2\/tags?post=9716"},{"taxonomy":"podcastfilter","embeddable":true,"href":"https:\/\/radio-aviva.com\/perpignan\/wp-json\/wp\/v2\/podcastfilter?post=9716"}],"curies":[{"name":"wp","href":"https:\/\/api.w.org\/{rel}","templated":true}]}}

PRÉSENTATION DOCUMENTAIRE TAUTAVEL &#8211; EMMA BAUS, RÉALISATRICE

<p>Emma Baus, réalisatrice du documentaire « Tautavel, vivre en Europe avant Néandertal » nous le présente.</p>
