{"id":9724,"date":"2024-07-18T15:00:33","date_gmt":"2024-07-18T13:00:33","guid":{"rendered":"https:\/\/radio-aviva.com\/perpignan\/?post_type=podcast&#038;p=9724"},"modified":"2024-07-18T11:03:38","modified_gmt":"2024-07-18T09:03:38","slug":"association-flamenco-argeles-sur-mer-johanna-modica-ruta-choregraphe","status":"publish","type":"podcast","link":"https:\/\/radio-aviva.com\/perpignan\/podcast\/association-flamenco-argeles-sur-mer-johanna-modica-ruta-choregraphe\/","title":{"rendered":"ASSOCIATION FLAMENCO ARGELES SUR MER &#8211; JOHANNA MODICA RUTA, CHOR\u00c9GRAPHE"},"content":{"rendered":"<p>Johanna Modica Ruta, chor\u00e9graphe pr\u00e9sente l&rsquo;association Flamenco Argeles sur mer.<\/p>\n","protected":false},"author":337,"featured_media":9514,"template":"","tags":[],"podcastfilter":[217,86,168,190,171,292,209,207,235,234,194,109,241,148],"class_list":["post-9724","podcast","type-podcast","status-publish","has-post-thumbnail","hentry","podcastfilter-academie","podcastfilter-art","podcastfilter-artiste","podcastfilter-association","podcastfilter-ateliers","podcastfilter-ateliers-pedagogiques","podcastfilter-concert","podcastfilter-danse","podcastfilter-fete","podcastfilter-interculturel","podcastfilter-occitanie","podcastfilter-perpignan","podcastfilter-stage","podcastfilter-voix-des-assos"],"_links":{"self":[{"href":"https:\/\/radio-aviva.com\/perpignan\/wp-json\/wp\/v2\/podcast\/9724","targetHints":{"allow":["GET"]}}],"collection":[{"href":"https:\/\/radio-aviva.com\/perpignan\/wp-json\/wp\/v2\/podcast"}],"about":[{"href":"https:\/\/radio-aviva.com\/perpignan\/wp-json\/wp\/v2\/types\/podcast"}],"author":[{"embeddable":true,"href":"https:\/\/radio-aviva.com\/perpignan\/wp-json\/wp\/v2\/users\/337"}],"version-history":[{"count":1,"href":"https:\/\/radio-aviva.com\/perpignan\/wp-json\/wp\/v2\/podcast\/9724\/revisions"}],"predecessor-version":[{"id":9725,"href":"https:\/\/radio-aviva.com\/perpignan\/wp-json\/wp\/v2\/podcast\/9724\/revisions\/9725"}],"wp:featuredmedia":[{"embeddable":true,"href":"https:\/\/radio-aviva.com\/perpignan\/wp-json\/wp\/v2\/media\/9514"}],"wp:attachment":[{"href":"https:\/\/radio-aviva.com\/perpignan\/wp-json\/wp\/v2\/media?parent=9724"}],"wp:term":[{"taxonomy":"post_tag","embeddable":true,"href":"https:\/\/radio-aviva.com\/perpignan\/wp-json\/wp\/v2\/tags?post=9724"},{"taxonomy":"podcastfilter","embeddable":true,"href":"https:\/\/radio-aviva.com\/perpignan\/wp-json\/wp\/v2\/podcastfilter?post=9724"}],"curies":[{"name":"wp","href":"https:\/\/api.w.org\/{rel}","templated":true}]}}

ASSOCIATION FLAMENCO ARGELES SUR MER &#8211; JOHANNA MODICA RUTA, CHORÉGRAPHE

<p>Johanna Modica Ruta, chorégraphe présente l&rsquo;association Flamenco Argeles sur mer.</p>
