{"id":9732,"date":"2024-07-22T10:00:14","date_gmt":"2024-07-22T08:00:14","guid":{"rendered":"https:\/\/radio-aviva.com\/perpignan\/?post_type=podcast&#038;p=9732"},"modified":"2024-07-18T14:46:29","modified_gmt":"2024-07-18T12:46:29","slug":"festival-jazzebre-segolene-alex-directrice-fanny-barra-responsable-communication","status":"publish","type":"podcast","link":"https:\/\/radio-aviva.com\/perpignan\/podcast\/festival-jazzebre-segolene-alex-directrice-fanny-barra-responsable-communication\/","title":{"rendered":"FESTIVAL JAZZEBRE &#8211; S\u00c9GOL\u00c8NE ALEX, DIRECTRICE, FANNY BARRA, RESPONSABLE COMMUNICATION"},"content":{"rendered":"<p>S\u00e9gol\u00e8ne Alex, directrice et Fanny Barra, responsable communication de Jazzebre nous pr\u00e9sente leur 36e festival.<\/p>\n","protected":false},"author":337,"featured_media":9557,"template":"","tags":[],"podcastfilter":[170,86,168,209,207,150,235,159,194,109,266,180,186,200,188],"class_list":["post-9732","podcast","type-podcast","status-publish","has-post-thumbnail","hentry","podcastfilter-actions-culturelles","podcastfilter-art","podcastfilter-artiste","podcastfilter-concert","podcastfilter-danse","podcastfilter-entracte","podcastfilter-fete","podcastfilter-jazz","podcastfilter-occitanie","podcastfilter-perpignan","podcastfilter-pop-culture","podcastfilter-pyrenees-orientales","podcastfilter-pyrenees-orientales-2","podcastfilter-spectacle","podcastfilter-sport"],"_links":{"self":[{"href":"https:\/\/radio-aviva.com\/perpignan\/wp-json\/wp\/v2\/podcast\/9732","targetHints":{"allow":["GET"]}}],"collection":[{"href":"https:\/\/radio-aviva.com\/perpignan\/wp-json\/wp\/v2\/podcast"}],"about":[{"href":"https:\/\/radio-aviva.com\/perpignan\/wp-json\/wp\/v2\/types\/podcast"}],"author":[{"embeddable":true,"href":"https:\/\/radio-aviva.com\/perpignan\/wp-json\/wp\/v2\/users\/337"}],"version-history":[{"count":1,"href":"https:\/\/radio-aviva.com\/perpignan\/wp-json\/wp\/v2\/podcast\/9732\/revisions"}],"predecessor-version":[{"id":9733,"href":"https:\/\/radio-aviva.com\/perpignan\/wp-json\/wp\/v2\/podcast\/9732\/revisions\/9733"}],"wp:featuredmedia":[{"embeddable":true,"href":"https:\/\/radio-aviva.com\/perpignan\/wp-json\/wp\/v2\/media\/9557"}],"wp:attachment":[{"href":"https:\/\/radio-aviva.com\/perpignan\/wp-json\/wp\/v2\/media?parent=9732"}],"wp:term":[{"taxonomy":"post_tag","embeddable":true,"href":"https:\/\/radio-aviva.com\/perpignan\/wp-json\/wp\/v2\/tags?post=9732"},{"taxonomy":"podcastfilter","embeddable":true,"href":"https:\/\/radio-aviva.com\/perpignan\/wp-json\/wp\/v2\/podcastfilter?post=9732"}],"curies":[{"name":"wp","href":"https:\/\/api.w.org\/{rel}","templated":true}]}}

FESTIVAL JAZZEBRE &#8211; SÉGOLÈNE ALEX, DIRECTRICE, FANNY BARRA, RESPONSABLE COMMUNICATION

<p>Ségolène Alex, directrice et Fanny Barra, responsable communication de Jazzebre nous présente leur 36e festival.</p>
