{"id":9751,"date":"2024-08-01T10:00:02","date_gmt":"2024-08-01T08:00:02","guid":{"rendered":"https:\/\/radio-aviva.com\/perpignan\/?post_type=podcast&#038;p=9751"},"modified":"2024-07-24T10:48:23","modified_gmt":"2024-07-24T08:48:23","slug":"65e-festival-cine-rencontres-yolande-moreau-realisatrice-et-comedienne","status":"publish","type":"podcast","link":"https:\/\/radio-aviva.com\/perpignan\/podcast\/65e-festival-cine-rencontres-yolande-moreau-realisatrice-et-comedienne\/","title":{"rendered":"65E FESTIVAL CIN\u00c9 RENCONTRES &#8211; YOLANDE MOREAU, R\u00c9ALISATRICE ET COM\u00c9DIENNE"},"content":{"rendered":"<p>Nous avons rencontr\u00e9 l&rsquo;unique Yolande Moreau lors du 65e festival cin\u00e9-rencontres.<\/p>\n","protected":false},"author":337,"featured_media":9749,"template":"","tags":[],"podcastfilter":[170,219,86,168,190,128,129,208,272,150,109],"class_list":["post-9751","podcast","type-podcast","status-publish","has-post-thumbnail","hentry","podcastfilter-actions-culturelles","podcastfilter-apprentissage","podcastfilter-art","podcastfilter-artiste","podcastfilter-association","podcastfilter-cinema","podcastfilter-comedien","podcastfilter-conference","podcastfilter-culture","podcastfilter-entracte","podcastfilter-perpignan"],"_links":{"self":[{"href":"https:\/\/radio-aviva.com\/perpignan\/wp-json\/wp\/v2\/podcast\/9751","targetHints":{"allow":["GET"]}}],"collection":[{"href":"https:\/\/radio-aviva.com\/perpignan\/wp-json\/wp\/v2\/podcast"}],"about":[{"href":"https:\/\/radio-aviva.com\/perpignan\/wp-json\/wp\/v2\/types\/podcast"}],"author":[{"embeddable":true,"href":"https:\/\/radio-aviva.com\/perpignan\/wp-json\/wp\/v2\/users\/337"}],"version-history":[{"count":1,"href":"https:\/\/radio-aviva.com\/perpignan\/wp-json\/wp\/v2\/podcast\/9751\/revisions"}],"predecessor-version":[{"id":9752,"href":"https:\/\/radio-aviva.com\/perpignan\/wp-json\/wp\/v2\/podcast\/9751\/revisions\/9752"}],"wp:featuredmedia":[{"embeddable":true,"href":"https:\/\/radio-aviva.com\/perpignan\/wp-json\/wp\/v2\/media\/9749"}],"wp:attachment":[{"href":"https:\/\/radio-aviva.com\/perpignan\/wp-json\/wp\/v2\/media?parent=9751"}],"wp:term":[{"taxonomy":"post_tag","embeddable":true,"href":"https:\/\/radio-aviva.com\/perpignan\/wp-json\/wp\/v2\/tags?post=9751"},{"taxonomy":"podcastfilter","embeddable":true,"href":"https:\/\/radio-aviva.com\/perpignan\/wp-json\/wp\/v2\/podcastfilter?post=9751"}],"curies":[{"name":"wp","href":"https:\/\/api.w.org\/{rel}","templated":true}]}}

65E FESTIVAL CINÉ RENCONTRES &#8211; YOLANDE MOREAU, RÉALISATRICE ET COMÉDIENNE

<p>Nous avons rencontré l&rsquo;unique Yolande Moreau lors du 65e festival ciné-rencontres.</p>
