{"id":9754,"date":"2024-07-30T11:52:02","date_gmt":"2024-07-30T09:52:02","guid":{"rendered":"https:\/\/radio-aviva.com\/perpignan\/podcast\/bike-polo-elodie-martini-entraineuse-club-de-montpellier\/"},"modified":"2024-07-30T11:52:02","modified_gmt":"2024-07-30T09:52:02","slug":"bike-polo-elodie-martini-entraineuse-club-de-montpellier","status":"publish","type":"podcast","link":"https:\/\/radio-aviva.com\/perpignan\/podcast\/bike-polo-elodie-martini-entraineuse-club-de-montpellier\/","title":{"rendered":"BIKE POLO &#8211; ELODIE MARTINI, ENTRAINEUSE CLUB DE MONTPELLIER"},"content":{"rendered":"<p>&nbsp;<\/p>\n<p>Dans ce nouvel \u00e9pisode de l&rsquo;invit\u00e9 sportif, Sydney Biton re\u00e7oit Elodie Martini, venu nous parler du bike polo.<\/p>\n","protected":false},"author":1,"featured_media":9755,"template":"","tags":[],"podcastfilter":[187,87,108,109,188],"class_list":["post-9754","podcast","type-podcast","status-publish","has-post-thumbnail","hentry","podcastfilter-linvite-sportif","podcastfilter-montpellier","podcastfilter-nimes","podcastfilter-perpignan","podcastfilter-sport"],"_links":{"self":[{"href":"https:\/\/radio-aviva.com\/perpignan\/wp-json\/wp\/v2\/podcast\/9754","targetHints":{"allow":["GET"]}}],"collection":[{"href":"https:\/\/radio-aviva.com\/perpignan\/wp-json\/wp\/v2\/podcast"}],"about":[{"href":"https:\/\/radio-aviva.com\/perpignan\/wp-json\/wp\/v2\/types\/podcast"}],"author":[{"embeddable":true,"href":"https:\/\/radio-aviva.com\/perpignan\/wp-json\/wp\/v2\/users\/1"}],"version-history":[{"count":0,"href":"https:\/\/radio-aviva.com\/perpignan\/wp-json\/wp\/v2\/podcast\/9754\/revisions"}],"wp:featuredmedia":[{"embeddable":true,"href":"https:\/\/radio-aviva.com\/perpignan\/wp-json\/wp\/v2\/media\/9755"}],"wp:attachment":[{"href":"https:\/\/radio-aviva.com\/perpignan\/wp-json\/wp\/v2\/media?parent=9754"}],"wp:term":[{"taxonomy":"post_tag","embeddable":true,"href":"https:\/\/radio-aviva.com\/perpignan\/wp-json\/wp\/v2\/tags?post=9754"},{"taxonomy":"podcastfilter","embeddable":true,"href":"https:\/\/radio-aviva.com\/perpignan\/wp-json\/wp\/v2\/podcastfilter?post=9754"}],"curies":[{"name":"wp","href":"https:\/\/api.w.org\/{rel}","templated":true}]}}

<p>&nbsp;</p>
<p>Dans ce nouvel épisode de l&rsquo;invité sportif, Sydney Biton reçoit Elodie Martini, venu nous parler du bike polo.</p>
