{"id":9762,"date":"2024-07-31T11:55:51","date_gmt":"2024-07-31T09:55:51","guid":{"rendered":"https:\/\/radio-aviva.com\/perpignan\/podcast\/tournee-herault-vacances-christine-pradel-attachee-au-cabinet-du-maire\/"},"modified":"2024-07-31T11:55:51","modified_gmt":"2024-07-31T09:55:51","slug":"tournee-herault-vacances-christine-pradel-attachee-au-cabinet-du-maire","status":"publish","type":"podcast","link":"https:\/\/radio-aviva.com\/perpignan\/podcast\/tournee-herault-vacances-christine-pradel-attachee-au-cabinet-du-maire\/","title":{"rendered":"TOURNEE HERAULT VACANCES &#8211; CHRISTINE PRADEL, ATTACHEE AU CABINET DU MAIRE"},"content":{"rendered":"<p>&nbsp;<\/p>\n<p>Dans ce nouvel \u00e9pisode de l&rsquo;invit\u00e9 sportif, Sydney Biton re\u00e7oit Christine Pradel, venu nous parler de la tourn\u00e9e H\u00e9rault vacances \u00e0 Gignac.<\/p>\n","protected":false},"author":1,"featured_media":9575,"template":"","tags":[],"podcastfilter":[187,87,108,109,188],"class_list":["post-9762","podcast","type-podcast","status-publish","has-post-thumbnail","hentry","podcastfilter-linvite-sportif","podcastfilter-montpellier","podcastfilter-nimes","podcastfilter-perpignan","podcastfilter-sport"],"_links":{"self":[{"href":"https:\/\/radio-aviva.com\/perpignan\/wp-json\/wp\/v2\/podcast\/9762","targetHints":{"allow":["GET"]}}],"collection":[{"href":"https:\/\/radio-aviva.com\/perpignan\/wp-json\/wp\/v2\/podcast"}],"about":[{"href":"https:\/\/radio-aviva.com\/perpignan\/wp-json\/wp\/v2\/types\/podcast"}],"author":[{"embeddable":true,"href":"https:\/\/radio-aviva.com\/perpignan\/wp-json\/wp\/v2\/users\/1"}],"version-history":[{"count":0,"href":"https:\/\/radio-aviva.com\/perpignan\/wp-json\/wp\/v2\/podcast\/9762\/revisions"}],"wp:featuredmedia":[{"embeddable":true,"href":"https:\/\/radio-aviva.com\/perpignan\/wp-json\/wp\/v2\/media\/9575"}],"wp:attachment":[{"href":"https:\/\/radio-aviva.com\/perpignan\/wp-json\/wp\/v2\/media?parent=9762"}],"wp:term":[{"taxonomy":"post_tag","embeddable":true,"href":"https:\/\/radio-aviva.com\/perpignan\/wp-json\/wp\/v2\/tags?post=9762"},{"taxonomy":"podcastfilter","embeddable":true,"href":"https:\/\/radio-aviva.com\/perpignan\/wp-json\/wp\/v2\/podcastfilter?post=9762"}],"curies":[{"name":"wp","href":"https:\/\/api.w.org\/{rel}","templated":true}]}}

<p>&nbsp;</p>
<p>Dans ce nouvel épisode de l&rsquo;invité sportif, Sydney Biton reçoit Christine Pradel, venu nous parler de la tournée Hérault vacances à Gignac.</p>
