{"id":9770,"date":"2024-08-07T11:31:14","date_gmt":"2024-08-07T09:31:14","guid":{"rendered":"https:\/\/radio-aviva.com\/perpignan\/podcast\/tournee-herault-vacances-aurelien-manenc-maire-de-lunas\/"},"modified":"2024-08-07T11:31:14","modified_gmt":"2024-08-07T09:31:14","slug":"tournee-herault-vacances-aurelien-manenc-maire-de-lunas","status":"publish","type":"podcast","link":"https:\/\/radio-aviva.com\/perpignan\/podcast\/tournee-herault-vacances-aurelien-manenc-maire-de-lunas\/","title":{"rendered":"TOURNEE HERAULT VACANCES &#8211; AURELIEN MANENC, MAIRE DE LUNAS"},"content":{"rendered":"<p>&nbsp;<\/p>\n<p>Dans ce nouvel \u00e9pisode de l&rsquo;invit\u00e9 sportif, Sydney Biton re\u00e7oit Aur\u00e9lien Manenc, maire de Lunas venu nous parler de la tourn\u00e9e H\u00e9rault vacance le 21 ao\u00fbt \u00e0 Lunas.<\/p>\n","protected":false},"author":1,"featured_media":9575,"template":"","tags":[],"podcastfilter":[187,87,108,109,188],"class_list":["post-9770","podcast","type-podcast","status-publish","has-post-thumbnail","hentry","podcastfilter-linvite-sportif","podcastfilter-montpellier","podcastfilter-nimes","podcastfilter-perpignan","podcastfilter-sport"],"_links":{"self":[{"href":"https:\/\/radio-aviva.com\/perpignan\/wp-json\/wp\/v2\/podcast\/9770","targetHints":{"allow":["GET"]}}],"collection":[{"href":"https:\/\/radio-aviva.com\/perpignan\/wp-json\/wp\/v2\/podcast"}],"about":[{"href":"https:\/\/radio-aviva.com\/perpignan\/wp-json\/wp\/v2\/types\/podcast"}],"author":[{"embeddable":true,"href":"https:\/\/radio-aviva.com\/perpignan\/wp-json\/wp\/v2\/users\/1"}],"version-history":[{"count":0,"href":"https:\/\/radio-aviva.com\/perpignan\/wp-json\/wp\/v2\/podcast\/9770\/revisions"}],"wp:featuredmedia":[{"embeddable":true,"href":"https:\/\/radio-aviva.com\/perpignan\/wp-json\/wp\/v2\/media\/9575"}],"wp:attachment":[{"href":"https:\/\/radio-aviva.com\/perpignan\/wp-json\/wp\/v2\/media?parent=9770"}],"wp:term":[{"taxonomy":"post_tag","embeddable":true,"href":"https:\/\/radio-aviva.com\/perpignan\/wp-json\/wp\/v2\/tags?post=9770"},{"taxonomy":"podcastfilter","embeddable":true,"href":"https:\/\/radio-aviva.com\/perpignan\/wp-json\/wp\/v2\/podcastfilter?post=9770"}],"curies":[{"name":"wp","href":"https:\/\/api.w.org\/{rel}","templated":true}]}}

<p>&nbsp;</p>
<p>Dans ce nouvel épisode de l&rsquo;invité sportif, Sydney Biton reçoit Aurélien Manenc, maire de Lunas venu nous parler de la tournée Hérault vacance le 21 août à Lunas.</p>
