{"id":9794,"date":"2024-08-20T12:20:27","date_gmt":"2024-08-20T10:20:27","guid":{"rendered":"https:\/\/radio-aviva.com\/perpignan\/?post_type=podcast&#038;p=9794"},"modified":"2024-08-19T12:25:52","modified_gmt":"2024-08-19T10:25:52","slug":"conference-sur-la-reserve-naturelle-de-banyuls-anne-marie-geneviere-responsable-asso-amis-laboratoire-arago","status":"publish","type":"podcast","link":"https:\/\/radio-aviva.com\/perpignan\/podcast\/conference-sur-la-reserve-naturelle-de-banyuls-anne-marie-geneviere-responsable-asso-amis-laboratoire-arago\/","title":{"rendered":"CONFERENCE SUR LA RESERVE NATURELLE DE BANYULS &#8211; ANNE-MARIE GENEVIERE, RESPONSABLE ASSO AMIS LABORATOIRE ARAGO"},"content":{"rendered":"<p>Dans cette \u00e9mission nous recevons Anne-Marie Geneviere responsable de l&rsquo;association des amis du laboratoire Arago, qui vient nous pr\u00e9senter la conf\u00e9rence de la R\u00e9serve Naturelle de Cerb\u00e8re-Banyuls vers un projet d\u2019extension par Fr\u00e9deric CADENE le conservateur de la r\u00e9serve le 21 Ao\u00fbt 2024.<\/p>\n","protected":false},"author":1,"featured_media":9068,"template":"","tags":[],"podcastfilter":[208,142,143,135],"class_list":["post-9794","podcast","type-podcast","status-publish","has-post-thumbnail","hentry","podcastfilter-conference","podcastfilter-ecologie","podcastfilter-environnement","podcastfilter-linvite-de-la-redaction"],"_links":{"self":[{"href":"https:\/\/radio-aviva.com\/perpignan\/wp-json\/wp\/v2\/podcast\/9794","targetHints":{"allow":["GET"]}}],"collection":[{"href":"https:\/\/radio-aviva.com\/perpignan\/wp-json\/wp\/v2\/podcast"}],"about":[{"href":"https:\/\/radio-aviva.com\/perpignan\/wp-json\/wp\/v2\/types\/podcast"}],"author":[{"embeddable":true,"href":"https:\/\/radio-aviva.com\/perpignan\/wp-json\/wp\/v2\/users\/1"}],"version-history":[{"count":1,"href":"https:\/\/radio-aviva.com\/perpignan\/wp-json\/wp\/v2\/podcast\/9794\/revisions"}],"predecessor-version":[{"id":9795,"href":"https:\/\/radio-aviva.com\/perpignan\/wp-json\/wp\/v2\/podcast\/9794\/revisions\/9795"}],"wp:featuredmedia":[{"embeddable":true,"href":"https:\/\/radio-aviva.com\/perpignan\/wp-json\/wp\/v2\/media\/9068"}],"wp:attachment":[{"href":"https:\/\/radio-aviva.com\/perpignan\/wp-json\/wp\/v2\/media?parent=9794"}],"wp:term":[{"taxonomy":"post_tag","embeddable":true,"href":"https:\/\/radio-aviva.com\/perpignan\/wp-json\/wp\/v2\/tags?post=9794"},{"taxonomy":"podcastfilter","embeddable":true,"href":"https:\/\/radio-aviva.com\/perpignan\/wp-json\/wp\/v2\/podcastfilter?post=9794"}],"curies":[{"name":"wp","href":"https:\/\/api.w.org\/{rel}","templated":true}]}}

<p>Dans cette émission nous recevons Anne-Marie Geneviere responsable de l&rsquo;association des amis du laboratoire Arago, qui vient nous présenter la conférence de la Réserve Naturelle de Cerbère-Banyuls vers un projet d’extension par Fréderic CADENE le conservateur de la réserve le 21 Août 2024.</p>
