{"id":9811,"date":"2024-08-22T11:57:31","date_gmt":"2024-08-22T09:57:31","guid":{"rendered":"https:\/\/radio-aviva.com\/perpignan\/podcast\/instalations-sportives-castelnau-le-lez-muriel-sarradin-adjointe-maire\/"},"modified":"2024-08-22T11:57:31","modified_gmt":"2024-08-22T09:57:31","slug":"instalations-sportives-castelnau-le-lez-muriel-sarradin-adjointe-maire","status":"publish","type":"podcast","link":"https:\/\/radio-aviva.com\/perpignan\/podcast\/instalations-sportives-castelnau-le-lez-muriel-sarradin-adjointe-maire\/","title":{"rendered":"INSTALATIONS SPORTIVES CASTELNAU LE LEZ &#8211; MURIEL SARRADIN, ADJOINTE MAIRE"},"content":{"rendered":"<p>&nbsp;<\/p>\n<p>Dans ce nouvel \u00e9pisode de l&rsquo;invit\u00e9 sportif, Sydney Biton re\u00e7oit Muriel Sarradin, adjointe au maire \u00e0 Castelnau le Lez et venu nous parler de l&rsquo;am\u00e9lioration des installations sportives de la ville.<\/p>\n","protected":false},"author":1,"featured_media":9812,"template":"","tags":[],"podcastfilter":[187,87,108,109,188],"class_list":["post-9811","podcast","type-podcast","status-publish","has-post-thumbnail","hentry","podcastfilter-linvite-sportif","podcastfilter-montpellier","podcastfilter-nimes","podcastfilter-perpignan","podcastfilter-sport"],"_links":{"self":[{"href":"https:\/\/radio-aviva.com\/perpignan\/wp-json\/wp\/v2\/podcast\/9811","targetHints":{"allow":["GET"]}}],"collection":[{"href":"https:\/\/radio-aviva.com\/perpignan\/wp-json\/wp\/v2\/podcast"}],"about":[{"href":"https:\/\/radio-aviva.com\/perpignan\/wp-json\/wp\/v2\/types\/podcast"}],"author":[{"embeddable":true,"href":"https:\/\/radio-aviva.com\/perpignan\/wp-json\/wp\/v2\/users\/1"}],"version-history":[{"count":0,"href":"https:\/\/radio-aviva.com\/perpignan\/wp-json\/wp\/v2\/podcast\/9811\/revisions"}],"wp:featuredmedia":[{"embeddable":true,"href":"https:\/\/radio-aviva.com\/perpignan\/wp-json\/wp\/v2\/media\/9812"}],"wp:attachment":[{"href":"https:\/\/radio-aviva.com\/perpignan\/wp-json\/wp\/v2\/media?parent=9811"}],"wp:term":[{"taxonomy":"post_tag","embeddable":true,"href":"https:\/\/radio-aviva.com\/perpignan\/wp-json\/wp\/v2\/tags?post=9811"},{"taxonomy":"podcastfilter","embeddable":true,"href":"https:\/\/radio-aviva.com\/perpignan\/wp-json\/wp\/v2\/podcastfilter?post=9811"}],"curies":[{"name":"wp","href":"https:\/\/api.w.org\/{rel}","templated":true}]}}

<p>&nbsp;</p>
<p>Dans ce nouvel épisode de l&rsquo;invité sportif, Sydney Biton reçoit Muriel Sarradin, adjointe au maire à Castelnau le Lez et venu nous parler de l&rsquo;amélioration des installations sportives de la ville.</p>
