{"id":9818,"date":"2024-08-27T12:52:12","date_gmt":"2024-08-27T10:52:12","guid":{"rendered":"https:\/\/radio-aviva.com\/perpignan\/podcast\/tournee-herault-vacances-muriel-scarselli-attache-de-la-mairie-de-marsillargues\/"},"modified":"2024-08-27T12:52:12","modified_gmt":"2024-08-27T10:52:12","slug":"tournee-herault-vacances-muriel-scarselli-attache-de-la-mairie-de-marsillargues","status":"publish","type":"podcast","link":"https:\/\/radio-aviva.com\/perpignan\/podcast\/tournee-herault-vacances-muriel-scarselli-attache-de-la-mairie-de-marsillargues\/","title":{"rendered":"TOURNEE HERAULT VACANCES  MURIEL SCARSELLI, ATTACHE DE LA MAIRIE DE MARSILLARGUES"},"content":{"rendered":"<p>&nbsp;<\/p>\n<p>Dans ce nouvel \u00e9pisode de l&rsquo;invit\u00e9 sportif, Sydney Biton re\u00e7oit Muriel Scarselli, attach\u00e9e \u00e0 la mairie de Marsillargues.<\/p>\n","protected":false},"author":1,"featured_media":9819,"template":"","tags":[],"podcastfilter":[187,87,188],"class_list":["post-9818","podcast","type-podcast","status-publish","has-post-thumbnail","hentry","podcastfilter-linvite-sportif","podcastfilter-montpellier","podcastfilter-sport"],"_links":{"self":[{"href":"https:\/\/radio-aviva.com\/perpignan\/wp-json\/wp\/v2\/podcast\/9818","targetHints":{"allow":["GET"]}}],"collection":[{"href":"https:\/\/radio-aviva.com\/perpignan\/wp-json\/wp\/v2\/podcast"}],"about":[{"href":"https:\/\/radio-aviva.com\/perpignan\/wp-json\/wp\/v2\/types\/podcast"}],"author":[{"embeddable":true,"href":"https:\/\/radio-aviva.com\/perpignan\/wp-json\/wp\/v2\/users\/1"}],"version-history":[{"count":0,"href":"https:\/\/radio-aviva.com\/perpignan\/wp-json\/wp\/v2\/podcast\/9818\/revisions"}],"wp:featuredmedia":[{"embeddable":true,"href":"https:\/\/radio-aviva.com\/perpignan\/wp-json\/wp\/v2\/media\/9819"}],"wp:attachment":[{"href":"https:\/\/radio-aviva.com\/perpignan\/wp-json\/wp\/v2\/media?parent=9818"}],"wp:term":[{"taxonomy":"post_tag","embeddable":true,"href":"https:\/\/radio-aviva.com\/perpignan\/wp-json\/wp\/v2\/tags?post=9818"},{"taxonomy":"podcastfilter","embeddable":true,"href":"https:\/\/radio-aviva.com\/perpignan\/wp-json\/wp\/v2\/podcastfilter?post=9818"}],"curies":[{"name":"wp","href":"https:\/\/api.w.org\/{rel}","templated":true}]}}

<p>&nbsp;</p>
<p>Dans ce nouvel épisode de l&rsquo;invité sportif, Sydney Biton reçoit Muriel Scarselli, attachée à la mairie de Marsillargues.</p>
