{"id":9821,"date":"2024-08-28T15:32:30","date_gmt":"2024-08-28T13:32:30","guid":{"rendered":"https:\/\/radio-aviva.com\/perpignan\/?post_type=podcast&#038;p=9821"},"modified":"2024-08-28T15:32:34","modified_gmt":"2024-08-28T13:32:34","slug":"campus-avec-liliane-dray-priorites-rentree","status":"publish","type":"podcast","link":"https:\/\/radio-aviva.com\/perpignan\/podcast\/campus-avec-liliane-dray-priorites-rentree\/","title":{"rendered":"CAMPUS &#8211; AVEC LILIANE DRAY &#8211; PRIORITES RENTREE"},"content":{"rendered":"<p>D\u00e9couvrons ensemble les priorit\u00e9s pour cette ann\u00e9e scolaire 2024-2025 &#8211; Quels sont les missions premi\u00e8res de l\u2019\u00e9cole\u00a0? &#8211; Voyons les objectifs pour le 1er degr\u00e9, c\u2019est-\u00e0-dire de l&rsquo;\u00e9cole maternelle \u00e0 l&rsquo;\u00e9cole \u00e9l\u00e9mentaire &#8211; A pr\u00e9sent pour le second degr\u00e9 : au coll\u00e8ge et au lyc\u00e9e &#8211; Autre priorit\u00e9, comment\u00a0s\u2019\u00e9lever contre toutes les barri\u00e8res sociales, g\u00e9ographiques ou culturelles\u00a0qui freinent la r\u00e9ussite et l\u2019ambition de nos \u00e9l\u00e8ves? &#8211; Cette circulaire de rentr\u00e9e est \u00e0 lire sur <a class=\"notion-link-token notion-focusable-token notion-enable-hover\" tabindex=\"0\" href=\"http:\/\/www.education.gouv.fr\/bo\/2024\" rel=\"noopener noreferrer\" data-token-index=\"1\"><span class=\"link-annotation-unknown-block-id-1633589269\">www.education.gouv.fr\/bo\/2024<\/span><\/a><!-- notionvc: 4ca1cab8-d066-464c-903f-6e6fdb7f944b --><\/p>\n","protected":false},"author":1,"featured_media":8857,"template":"","tags":[],"podcastfilter":[217,147,87,108,109],"class_list":["post-9821","podcast","type-podcast","status-publish","has-post-thumbnail","hentry","podcastfilter-academie","podcastfilter-campus","podcastfilter-montpellier","podcastfilter-nimes","podcastfilter-perpignan"],"_links":{"self":[{"href":"https:\/\/radio-aviva.com\/perpignan\/wp-json\/wp\/v2\/podcast\/9821","targetHints":{"allow":["GET"]}}],"collection":[{"href":"https:\/\/radio-aviva.com\/perpignan\/wp-json\/wp\/v2\/podcast"}],"about":[{"href":"https:\/\/radio-aviva.com\/perpignan\/wp-json\/wp\/v2\/types\/podcast"}],"author":[{"embeddable":true,"href":"https:\/\/radio-aviva.com\/perpignan\/wp-json\/wp\/v2\/users\/1"}],"version-history":[{"count":1,"href":"https:\/\/radio-aviva.com\/perpignan\/wp-json\/wp\/v2\/podcast\/9821\/revisions"}],"predecessor-version":[{"id":9822,"href":"https:\/\/radio-aviva.com\/perpignan\/wp-json\/wp\/v2\/podcast\/9821\/revisions\/9822"}],"wp:featuredmedia":[{"embeddable":true,"href":"https:\/\/radio-aviva.com\/perpignan\/wp-json\/wp\/v2\/media\/8857"}],"wp:attachment":[{"href":"https:\/\/radio-aviva.com\/perpignan\/wp-json\/wp\/v2\/media?parent=9821"}],"wp:term":[{"taxonomy":"post_tag","embeddable":true,"href":"https:\/\/radio-aviva.com\/perpignan\/wp-json\/wp\/v2\/tags?post=9821"},{"taxonomy":"podcastfilter","embeddable":true,"href":"https:\/\/radio-aviva.com\/perpignan\/wp-json\/wp\/v2\/podcastfilter?post=9821"}],"curies":[{"name":"wp","href":"https:\/\/api.w.org\/{rel}","templated":true}]}}

<p>Découvrons ensemble les priorités pour cette année scolaire 2024-2025 &#8211; Quels sont les missions premières de l’école ? &#8211; Voyons les objectifs pour le 1er degré, c’est-à-dire de l&rsquo;école maternelle à l&rsquo;école élémentaire &#8211; A présent pour le second degré : au collège et au lycée &#8211; Autre priorité, comment s’élever contre toutes les barrières sociales, géographiques ou culturelles qui freinent la réussite et l’ambition de nos élèves? &#8211; Cette circulaire de rentrée est à lire sur <a class="notion-link-token notion-focusable-token notion-enable-hover" tabindex="0" href="http://www.education.gouv.fr/bo/2024" rel="noopener noreferrer" data-token-index="1"><span class="link-annotation-unknown-block-id-1633589269">www.education.gouv.fr/bo/2024</span></a><!-- notionvc: 4ca1cab8-d066-464c-903f-6e6fdb7f944b --></p>
