{"id":9825,"date":"2024-09-04T10:00:33","date_gmt":"2024-09-04T08:00:33","guid":{"rendered":"https:\/\/radio-aviva.com\/perpignan\/?post_type=podcast&#038;p=9825"},"modified":"2024-08-30T10:59:28","modified_gmt":"2024-08-30T08:59:28","slug":"theatre-du-gecko-frederic-noguer-metteur-en-scene-directeur-artistique","status":"publish","type":"podcast","link":"https:\/\/radio-aviva.com\/perpignan\/podcast\/theatre-du-gecko-frederic-noguer-metteur-en-scene-directeur-artistique\/","title":{"rendered":"THEATRE DU GECKO &#8211; FREDERIC NOGUER, METTEUR EN SCENE, DIRECTEUR ARTISTIQUE"},"content":{"rendered":"<p>Dans cette \u00e9mission nous recevons Fr\u00e9deric NOGUER metteur en sc\u00e8ne du Th\u00e9\u00e2tre du Gecko qui vient nous pr\u00e9senter les actualit\u00e9s de la prochaine saison.<\/p>\n","protected":false},"author":1,"featured_media":9557,"template":"","tags":[],"podcastfilter":[170,150,200,131],"class_list":["post-9825","podcast","type-podcast","status-publish","has-post-thumbnail","hentry","podcastfilter-actions-culturelles","podcastfilter-entracte","podcastfilter-spectacle","podcastfilter-theatre"],"_links":{"self":[{"href":"https:\/\/radio-aviva.com\/perpignan\/wp-json\/wp\/v2\/podcast\/9825","targetHints":{"allow":["GET"]}}],"collection":[{"href":"https:\/\/radio-aviva.com\/perpignan\/wp-json\/wp\/v2\/podcast"}],"about":[{"href":"https:\/\/radio-aviva.com\/perpignan\/wp-json\/wp\/v2\/types\/podcast"}],"author":[{"embeddable":true,"href":"https:\/\/radio-aviva.com\/perpignan\/wp-json\/wp\/v2\/users\/1"}],"version-history":[{"count":1,"href":"https:\/\/radio-aviva.com\/perpignan\/wp-json\/wp\/v2\/podcast\/9825\/revisions"}],"predecessor-version":[{"id":9826,"href":"https:\/\/radio-aviva.com\/perpignan\/wp-json\/wp\/v2\/podcast\/9825\/revisions\/9826"}],"wp:featuredmedia":[{"embeddable":true,"href":"https:\/\/radio-aviva.com\/perpignan\/wp-json\/wp\/v2\/media\/9557"}],"wp:attachment":[{"href":"https:\/\/radio-aviva.com\/perpignan\/wp-json\/wp\/v2\/media?parent=9825"}],"wp:term":[{"taxonomy":"post_tag","embeddable":true,"href":"https:\/\/radio-aviva.com\/perpignan\/wp-json\/wp\/v2\/tags?post=9825"},{"taxonomy":"podcastfilter","embeddable":true,"href":"https:\/\/radio-aviva.com\/perpignan\/wp-json\/wp\/v2\/podcastfilter?post=9825"}],"curies":[{"name":"wp","href":"https:\/\/api.w.org\/{rel}","templated":true}]}}

<p>Dans cette émission nous recevons Fréderic NOGUER metteur en scène du Théâtre du Gecko qui vient nous présenter les actualités de la prochaine saison.</p>
