{"id":9838,"date":"2024-09-12T14:00:41","date_gmt":"2024-09-12T12:00:41","guid":{"rendered":"https:\/\/radio-aviva.com\/perpignan\/?post_type=podcast&#038;p=9838"},"modified":"2024-09-16T13:30:38","modified_gmt":"2024-09-16T11:30:38","slug":"festival-off-robert-ferre-president-du-festival-2","status":"publish","type":"podcast","link":"https:\/\/radio-aviva.com\/perpignan\/podcast\/festival-off-robert-ferre-president-du-festival-2\/","title":{"rendered":"FESTIVAL OFF &#8211; ROBERT FERRE, PRESIDENT DU FESTIVAL"},"content":{"rendered":"<p>Robert Ferr\u00e9 pr\u00e9sident du Festival OFF Perpignan vient nous parler du festival, de ses invit\u00e9s et de sa programmation.<\/p>\n","protected":false},"author":1,"featured_media":9535,"template":"","tags":[],"podcastfilter":[165,134,167],"class_list":["post-9838","podcast","type-podcast","status-publish","has-post-thumbnail","hentry","podcastfilter-culture-compagnie","podcastfilter-exposition","podcastfilter-festival"],"_links":{"self":[{"href":"https:\/\/radio-aviva.com\/perpignan\/wp-json\/wp\/v2\/podcast\/9838","targetHints":{"allow":["GET"]}}],"collection":[{"href":"https:\/\/radio-aviva.com\/perpignan\/wp-json\/wp\/v2\/podcast"}],"about":[{"href":"https:\/\/radio-aviva.com\/perpignan\/wp-json\/wp\/v2\/types\/podcast"}],"author":[{"embeddable":true,"href":"https:\/\/radio-aviva.com\/perpignan\/wp-json\/wp\/v2\/users\/1"}],"version-history":[{"count":1,"href":"https:\/\/radio-aviva.com\/perpignan\/wp-json\/wp\/v2\/podcast\/9838\/revisions"}],"predecessor-version":[{"id":9839,"href":"https:\/\/radio-aviva.com\/perpignan\/wp-json\/wp\/v2\/podcast\/9838\/revisions\/9839"}],"wp:featuredmedia":[{"embeddable":true,"href":"https:\/\/radio-aviva.com\/perpignan\/wp-json\/wp\/v2\/media\/9535"}],"wp:attachment":[{"href":"https:\/\/radio-aviva.com\/perpignan\/wp-json\/wp\/v2\/media?parent=9838"}],"wp:term":[{"taxonomy":"post_tag","embeddable":true,"href":"https:\/\/radio-aviva.com\/perpignan\/wp-json\/wp\/v2\/tags?post=9838"},{"taxonomy":"podcastfilter","embeddable":true,"href":"https:\/\/radio-aviva.com\/perpignan\/wp-json\/wp\/v2\/podcastfilter?post=9838"}],"curies":[{"name":"wp","href":"https:\/\/api.w.org\/{rel}","templated":true}]}}

<p>Robert Ferré président du Festival OFF Perpignan vient nous parler du festival, de ses invités et de sa programmation.</p>
