{"id":9863,"date":"2024-09-17T13:45:50","date_gmt":"2024-09-17T11:45:50","guid":{"rendered":"https:\/\/radio-aviva.com\/perpignan\/?post_type=podcast&#038;p=9863"},"modified":"2024-09-16T13:56:40","modified_gmt":"2024-09-16T11:56:40","slug":"festival-del-dis-et-de-la-bd-bruno-cabello-charge-de-patrimoine-musical","status":"publish","type":"podcast","link":"https:\/\/radio-aviva.com\/perpignan\/podcast\/festival-del-dis-et-de-la-bd-bruno-cabello-charge-de-patrimoine-musical\/","title":{"rendered":"FESTIVAL DEL DIS ET DE LA BD &#8211; BRUNO CABELLO, CHARGE DE PATRIMOINE MUSICAL"},"content":{"rendered":"<p>Dans cette \u00e9mission nous recevons Bruno Cabello qui nous pr\u00e9sente le festival del disc et de la bande dessin\u00e9e qui se passera le 28 et 29 Septembre \u00e0 Perpignan.<\/p>\n","protected":false},"author":1,"featured_media":9864,"template":"","tags":[],"podcastfilter":[170,165,167,88],"class_list":["post-9863","podcast","type-podcast","status-publish","has-post-thumbnail","hentry","podcastfilter-actions-culturelles","podcastfilter-culture-compagnie","podcastfilter-festival","podcastfilter-musique"],"_links":{"self":[{"href":"https:\/\/radio-aviva.com\/perpignan\/wp-json\/wp\/v2\/podcast\/9863","targetHints":{"allow":["GET"]}}],"collection":[{"href":"https:\/\/radio-aviva.com\/perpignan\/wp-json\/wp\/v2\/podcast"}],"about":[{"href":"https:\/\/radio-aviva.com\/perpignan\/wp-json\/wp\/v2\/types\/podcast"}],"author":[{"embeddable":true,"href":"https:\/\/radio-aviva.com\/perpignan\/wp-json\/wp\/v2\/users\/1"}],"version-history":[{"count":1,"href":"https:\/\/radio-aviva.com\/perpignan\/wp-json\/wp\/v2\/podcast\/9863\/revisions"}],"predecessor-version":[{"id":9865,"href":"https:\/\/radio-aviva.com\/perpignan\/wp-json\/wp\/v2\/podcast\/9863\/revisions\/9865"}],"wp:featuredmedia":[{"embeddable":true,"href":"https:\/\/radio-aviva.com\/perpignan\/wp-json\/wp\/v2\/media\/9864"}],"wp:attachment":[{"href":"https:\/\/radio-aviva.com\/perpignan\/wp-json\/wp\/v2\/media?parent=9863"}],"wp:term":[{"taxonomy":"post_tag","embeddable":true,"href":"https:\/\/radio-aviva.com\/perpignan\/wp-json\/wp\/v2\/tags?post=9863"},{"taxonomy":"podcastfilter","embeddable":true,"href":"https:\/\/radio-aviva.com\/perpignan\/wp-json\/wp\/v2\/podcastfilter?post=9863"}],"curies":[{"name":"wp","href":"https:\/\/api.w.org\/{rel}","templated":true}]}}

<p>Dans cette émission nous recevons Bruno Cabello qui nous présente le festival del disc et de la bande dessinée qui se passera le 28 et 29 Septembre à Perpignan.</p>
