{"id":9871,"date":"2024-09-13T15:30:28","date_gmt":"2024-09-13T13:30:28","guid":{"rendered":"https:\/\/radio-aviva.com\/perpignan\/?post_type=podcast&#038;p=9871"},"modified":"2024-09-16T15:54:06","modified_gmt":"2024-09-16T13:54:06","slug":"ferme-a-canet-corine-parassols-presidente-de-la-commission-fdsea-66","status":"publish","type":"podcast","link":"https:\/\/radio-aviva.com\/perpignan\/podcast\/ferme-a-canet-corine-parassols-presidente-de-la-commission-fdsea-66\/","title":{"rendered":"FERME A CANET &#8211; CORINE PARASSOLS, PRESIDENTE DE LA COMMISSION FDSEA 66"},"content":{"rendered":"<p>Nous recevons dans notre \u00e9mission pour un rendez-vous familial et incontournable Corine PARASSOLS pr\u00e9sidente de la commission montagne \u00e9levage de la FDSEA 66. Quand tout une ferme s&rsquo;installe au bord de la M\u00e9diterran\u00e9e, c&rsquo;est LA FERME A CANET. Au micro de Jean Dustou.<\/p>\n","protected":false},"author":1,"featured_media":9535,"template":"","tags":[],"podcastfilter":[183,161,165,143,255],"class_list":["post-9871","podcast","type-podcast","status-publish","has-post-thumbnail","hentry","podcastfilter-agriculture","podcastfilter-animaux","podcastfilter-culture-compagnie","podcastfilter-environnement","podcastfilter-evenement"],"_links":{"self":[{"href":"https:\/\/radio-aviva.com\/perpignan\/wp-json\/wp\/v2\/podcast\/9871","targetHints":{"allow":["GET"]}}],"collection":[{"href":"https:\/\/radio-aviva.com\/perpignan\/wp-json\/wp\/v2\/podcast"}],"about":[{"href":"https:\/\/radio-aviva.com\/perpignan\/wp-json\/wp\/v2\/types\/podcast"}],"author":[{"embeddable":true,"href":"https:\/\/radio-aviva.com\/perpignan\/wp-json\/wp\/v2\/users\/1"}],"version-history":[{"count":1,"href":"https:\/\/radio-aviva.com\/perpignan\/wp-json\/wp\/v2\/podcast\/9871\/revisions"}],"predecessor-version":[{"id":9872,"href":"https:\/\/radio-aviva.com\/perpignan\/wp-json\/wp\/v2\/podcast\/9871\/revisions\/9872"}],"wp:featuredmedia":[{"embeddable":true,"href":"https:\/\/radio-aviva.com\/perpignan\/wp-json\/wp\/v2\/media\/9535"}],"wp:attachment":[{"href":"https:\/\/radio-aviva.com\/perpignan\/wp-json\/wp\/v2\/media?parent=9871"}],"wp:term":[{"taxonomy":"post_tag","embeddable":true,"href":"https:\/\/radio-aviva.com\/perpignan\/wp-json\/wp\/v2\/tags?post=9871"},{"taxonomy":"podcastfilter","embeddable":true,"href":"https:\/\/radio-aviva.com\/perpignan\/wp-json\/wp\/v2\/podcastfilter?post=9871"}],"curies":[{"name":"wp","href":"https:\/\/api.w.org\/{rel}","templated":true}]}}

<p>Nous recevons dans notre émission pour un rendez-vous familial et incontournable Corine PARASSOLS présidente de la commission montagne élevage de la FDSEA 66. Quand tout une ferme s&rsquo;installe au bord de la Méditerranée, c&rsquo;est LA FERME A CANET. Au micro de Jean Dustou.</p>
