{"id":9877,"date":"2024-09-17T15:17:10","date_gmt":"2024-09-17T13:17:10","guid":{"rendered":"https:\/\/radio-aviva.com\/perpignan\/?post_type=podcast&#038;p=9877"},"modified":"2024-09-17T15:17:10","modified_gmt":"2024-09-17T13:17:10","slug":"cathedrale-perpignan-et-chapelle-tiers-ordres-jean-luc-antoniazzi-president-association","status":"publish","type":"podcast","link":"https:\/\/radio-aviva.com\/perpignan\/podcast\/cathedrale-perpignan-et-chapelle-tiers-ordres-jean-luc-antoniazzi-president-association\/","title":{"rendered":"CATHEDRALE PERPIGNAN ET CHAPELLE TIERS ORDRES &#8211; JEAN LUC ANTONIAZZI, PRESIDENT ASSOCIATION"},"content":{"rendered":"<p>Jean Luc Antoniazzi pr\u00e9sident de l&rsquo;association culturelle de la cath\u00e9drale Saint-Jean Baptiste de Perpignan nous parle \u00e0 l\u2019occasion des journ\u00e9es du patrimoine de la Cath\u00e9drale Saint &#8211; Jean Baptiste de Perpignan et de la Chapelle du Tiers-Ordres.<\/p>\n","protected":false},"author":1,"featured_media":9869,"template":"","tags":[],"podcastfilter":[157,150,144,151],"class_list":["post-9877","podcast","type-podcast","status-publish","has-post-thumbnail","hentry","podcastfilter-architecture","podcastfilter-entracte","podcastfilter-histoire","podcastfilter-patrimoine"],"_links":{"self":[{"href":"https:\/\/radio-aviva.com\/perpignan\/wp-json\/wp\/v2\/podcast\/9877","targetHints":{"allow":["GET"]}}],"collection":[{"href":"https:\/\/radio-aviva.com\/perpignan\/wp-json\/wp\/v2\/podcast"}],"about":[{"href":"https:\/\/radio-aviva.com\/perpignan\/wp-json\/wp\/v2\/types\/podcast"}],"author":[{"embeddable":true,"href":"https:\/\/radio-aviva.com\/perpignan\/wp-json\/wp\/v2\/users\/1"}],"version-history":[{"count":1,"href":"https:\/\/radio-aviva.com\/perpignan\/wp-json\/wp\/v2\/podcast\/9877\/revisions"}],"predecessor-version":[{"id":9878,"href":"https:\/\/radio-aviva.com\/perpignan\/wp-json\/wp\/v2\/podcast\/9877\/revisions\/9878"}],"wp:featuredmedia":[{"embeddable":true,"href":"https:\/\/radio-aviva.com\/perpignan\/wp-json\/wp\/v2\/media\/9869"}],"wp:attachment":[{"href":"https:\/\/radio-aviva.com\/perpignan\/wp-json\/wp\/v2\/media?parent=9877"}],"wp:term":[{"taxonomy":"post_tag","embeddable":true,"href":"https:\/\/radio-aviva.com\/perpignan\/wp-json\/wp\/v2\/tags?post=9877"},{"taxonomy":"podcastfilter","embeddable":true,"href":"https:\/\/radio-aviva.com\/perpignan\/wp-json\/wp\/v2\/podcastfilter?post=9877"}],"curies":[{"name":"wp","href":"https:\/\/api.w.org\/{rel}","templated":true}]}}

<p>Jean Luc Antoniazzi président de l&rsquo;association culturelle de la cathédrale Saint-Jean Baptiste de Perpignan nous parle à l’occasion des journées du patrimoine de la Cathédrale Saint &#8211; Jean Baptiste de Perpignan et de la Chapelle du Tiers-Ordres.</p>
