{"id":9885,"date":"2024-09-19T14:00:27","date_gmt":"2024-09-19T12:00:27","guid":{"rendered":"https:\/\/radio-aviva.com\/perpignan\/?post_type=podcast&#038;p=9885"},"modified":"2024-09-18T11:22:19","modified_gmt":"2024-09-18T09:22:19","slug":"le-nautilus-jerome-villaceque-fondateur","status":"publish","type":"podcast","link":"https:\/\/radio-aviva.com\/perpignan\/podcast\/le-nautilus-jerome-villaceque-fondateur\/","title":{"rendered":"LE NAUTILUS &#8211; JEROME VILLACEQUE, FONDATEUR"},"content":{"rendered":"<p>Dans cette \u00e9mission nous recevons J\u00e9rome Vilac\u00e8que au micro de Jean Dustou qui vient nous pr\u00e9senter son nouveau tiers-lieu culturel : le \u201cNautilus\u201d situ\u00e9 \u00e0 Perpignan.<\/p>\n","protected":false},"author":1,"featured_media":9535,"template":"","tags":[],"podcastfilter":[170,165,88],"class_list":["post-9885","podcast","type-podcast","status-publish","has-post-thumbnail","hentry","podcastfilter-actions-culturelles","podcastfilter-culture-compagnie","podcastfilter-musique"],"_links":{"self":[{"href":"https:\/\/radio-aviva.com\/perpignan\/wp-json\/wp\/v2\/podcast\/9885","targetHints":{"allow":["GET"]}}],"collection":[{"href":"https:\/\/radio-aviva.com\/perpignan\/wp-json\/wp\/v2\/podcast"}],"about":[{"href":"https:\/\/radio-aviva.com\/perpignan\/wp-json\/wp\/v2\/types\/podcast"}],"author":[{"embeddable":true,"href":"https:\/\/radio-aviva.com\/perpignan\/wp-json\/wp\/v2\/users\/1"}],"version-history":[{"count":1,"href":"https:\/\/radio-aviva.com\/perpignan\/wp-json\/wp\/v2\/podcast\/9885\/revisions"}],"predecessor-version":[{"id":9886,"href":"https:\/\/radio-aviva.com\/perpignan\/wp-json\/wp\/v2\/podcast\/9885\/revisions\/9886"}],"wp:featuredmedia":[{"embeddable":true,"href":"https:\/\/radio-aviva.com\/perpignan\/wp-json\/wp\/v2\/media\/9535"}],"wp:attachment":[{"href":"https:\/\/radio-aviva.com\/perpignan\/wp-json\/wp\/v2\/media?parent=9885"}],"wp:term":[{"taxonomy":"post_tag","embeddable":true,"href":"https:\/\/radio-aviva.com\/perpignan\/wp-json\/wp\/v2\/tags?post=9885"},{"taxonomy":"podcastfilter","embeddable":true,"href":"https:\/\/radio-aviva.com\/perpignan\/wp-json\/wp\/v2\/podcastfilter?post=9885"}],"curies":[{"name":"wp","href":"https:\/\/api.w.org\/{rel}","templated":true}]}}

<p>Dans cette émission nous recevons Jérome Vilacèque au micro de Jean Dustou qui vient nous présenter son nouveau tiers-lieu culturel : le “Nautilus” situé à Perpignan.</p>
