{"id":9887,"date":"2024-09-18T11:46:56","date_gmt":"2024-09-18T09:46:56","guid":{"rendered":"https:\/\/radio-aviva.com\/perpignan\/?post_type=podcast&#038;p=9887"},"modified":"2024-09-18T11:49:01","modified_gmt":"2024-09-18T09:49:01","slug":"loge-de-mer-et-art-deco-perpignan-florence-molly-deleguee-au-patrimoine-historique","status":"publish","type":"podcast","link":"https:\/\/radio-aviva.com\/perpignan\/podcast\/loge-de-mer-et-art-deco-perpignan-florence-molly-deleguee-au-patrimoine-historique\/","title":{"rendered":"LOGE DE MER ET ART DECO PERPIGNAN &#8211; FLORENCE MOLY, DELEGUEE AU PATRIMOINE HISTORIQUE"},"content":{"rendered":"<p>Dans notre \u00e9mission d&rsquo;aujourd&rsquo;hui sur les journ\u00e9es europ\u00e9ennes nous recevons Florence Moly d\u00e9l\u00e9gu\u00e9e au patrimoine historique au micro de Jean Dustou. Florence MOL=LY nous invite aux visites guid\u00e9es Art-D\u00e9co de Perpignan et nous parle aussi de la loge de la mer.<\/p>\n","protected":false},"author":1,"featured_media":9869,"template":"","tags":[],"podcastfilter":[157,86,150,144,151],"class_list":["post-9887","podcast","type-podcast","status-publish","has-post-thumbnail","hentry","podcastfilter-architecture","podcastfilter-art","podcastfilter-entracte","podcastfilter-histoire","podcastfilter-patrimoine"],"_links":{"self":[{"href":"https:\/\/radio-aviva.com\/perpignan\/wp-json\/wp\/v2\/podcast\/9887","targetHints":{"allow":["GET"]}}],"collection":[{"href":"https:\/\/radio-aviva.com\/perpignan\/wp-json\/wp\/v2\/podcast"}],"about":[{"href":"https:\/\/radio-aviva.com\/perpignan\/wp-json\/wp\/v2\/types\/podcast"}],"author":[{"embeddable":true,"href":"https:\/\/radio-aviva.com\/perpignan\/wp-json\/wp\/v2\/users\/1"}],"version-history":[{"count":2,"href":"https:\/\/radio-aviva.com\/perpignan\/wp-json\/wp\/v2\/podcast\/9887\/revisions"}],"predecessor-version":[{"id":9889,"href":"https:\/\/radio-aviva.com\/perpignan\/wp-json\/wp\/v2\/podcast\/9887\/revisions\/9889"}],"wp:featuredmedia":[{"embeddable":true,"href":"https:\/\/radio-aviva.com\/perpignan\/wp-json\/wp\/v2\/media\/9869"}],"wp:attachment":[{"href":"https:\/\/radio-aviva.com\/perpignan\/wp-json\/wp\/v2\/media?parent=9887"}],"wp:term":[{"taxonomy":"post_tag","embeddable":true,"href":"https:\/\/radio-aviva.com\/perpignan\/wp-json\/wp\/v2\/tags?post=9887"},{"taxonomy":"podcastfilter","embeddable":true,"href":"https:\/\/radio-aviva.com\/perpignan\/wp-json\/wp\/v2\/podcastfilter?post=9887"}],"curies":[{"name":"wp","href":"https:\/\/api.w.org\/{rel}","templated":true}]}}

<p>Dans notre émission d&rsquo;aujourd&rsquo;hui sur les journées européennes nous recevons Florence Moly déléguée au patrimoine historique au micro de Jean Dustou. Florence MOL=LY nous invite aux visites guidées Art-Déco de Perpignan et nous parle aussi de la loge de la mer.</p>
