{"id":9890,"date":"2024-10-01T12:40:11","date_gmt":"2024-10-01T10:40:11","guid":{"rendered":"https:\/\/radio-aviva.com\/perpignan\/?post_type=podcast&#038;p=9890"},"modified":"2024-09-18T13:14:36","modified_gmt":"2024-09-18T11:14:36","slug":"pix-emploi-gaetan-conseiller-entreprise-emanuelle-conseillere-emploie","status":"publish","type":"podcast","link":"https:\/\/radio-aviva.com\/perpignan\/podcast\/pix-emploi-gaetan-conseiller-entreprise-emanuelle-conseillere-emploie\/","title":{"rendered":"PIX EMPLOI &#8211; GAETAN, CONSEILLER ENTREPRISE, EMANUELLE, CONSEILLERE EMPLOIE"},"content":{"rendered":"<p>Emmanuelle conseill\u00e8re \u00e0 l&#8217;emploie et Ga\u00ebtan conseiller en entreprise nous pr\u00e9sente Pix Emploie.<\/p>\n","protected":false},"author":1,"featured_media":9006,"template":"","tags":[],"podcastfilter":[181,299,308,302],"class_list":["post-9890","podcast","type-podcast","status-publish","has-post-thumbnail","hentry","podcastfilter-emploi","podcastfilter-emploi-formations","podcastfilter-france-travail","podcastfilter-quelques-minutes-pour-lemploi"],"_links":{"self":[{"href":"https:\/\/radio-aviva.com\/perpignan\/wp-json\/wp\/v2\/podcast\/9890","targetHints":{"allow":["GET"]}}],"collection":[{"href":"https:\/\/radio-aviva.com\/perpignan\/wp-json\/wp\/v2\/podcast"}],"about":[{"href":"https:\/\/radio-aviva.com\/perpignan\/wp-json\/wp\/v2\/types\/podcast"}],"author":[{"embeddable":true,"href":"https:\/\/radio-aviva.com\/perpignan\/wp-json\/wp\/v2\/users\/1"}],"version-history":[{"count":1,"href":"https:\/\/radio-aviva.com\/perpignan\/wp-json\/wp\/v2\/podcast\/9890\/revisions"}],"predecessor-version":[{"id":9891,"href":"https:\/\/radio-aviva.com\/perpignan\/wp-json\/wp\/v2\/podcast\/9890\/revisions\/9891"}],"wp:featuredmedia":[{"embeddable":true,"href":"https:\/\/radio-aviva.com\/perpignan\/wp-json\/wp\/v2\/media\/9006"}],"wp:attachment":[{"href":"https:\/\/radio-aviva.com\/perpignan\/wp-json\/wp\/v2\/media?parent=9890"}],"wp:term":[{"taxonomy":"post_tag","embeddable":true,"href":"https:\/\/radio-aviva.com\/perpignan\/wp-json\/wp\/v2\/tags?post=9890"},{"taxonomy":"podcastfilter","embeddable":true,"href":"https:\/\/radio-aviva.com\/perpignan\/wp-json\/wp\/v2\/podcastfilter?post=9890"}],"curies":[{"name":"wp","href":"https:\/\/api.w.org\/{rel}","templated":true}]}}

<p>Emmanuelle conseillère à l&#8217;emploie et Gaëtan conseiller en entreprise nous présente Pix Emploie.</p>
