{"id":9892,"date":"2024-11-05T12:40:07","date_gmt":"2024-11-05T11:40:07","guid":{"rendered":"https:\/\/radio-aviva.com\/perpignan\/?post_type=podcast&#038;p=9892"},"modified":"2024-10-18T09:47:35","modified_gmt":"2024-10-18T07:47:35","slug":"insertion-activite-economique-emanuelle-conseillere-emploie","status":"publish","type":"podcast","link":"https:\/\/radio-aviva.com\/perpignan\/podcast\/insertion-activite-economique-emanuelle-conseillere-emploie\/","title":{"rendered":"Insertion Activit\u00e9 Economique &#8211; Emmanuelle, Conseill\u00e8re Emploi, France Travail"},"content":{"rendered":"<p>Emmanuelle conseill\u00e8re \u00e0 l&#8217;emploi chez France Travail nous pr\u00e9sente le dispositif d&rsquo;insertion par l&rsquo;activit\u00e9 \u00e9conomique.<\/p>\n","protected":false},"author":1,"featured_media":9006,"template":"","tags":[],"podcastfilter":[181,299,308,302],"class_list":["post-9892","podcast","type-podcast","status-publish","has-post-thumbnail","hentry","podcastfilter-emploi","podcastfilter-emploi-formations","podcastfilter-france-travail","podcastfilter-quelques-minutes-pour-lemploi"],"_links":{"self":[{"href":"https:\/\/radio-aviva.com\/perpignan\/wp-json\/wp\/v2\/podcast\/9892","targetHints":{"allow":["GET"]}}],"collection":[{"href":"https:\/\/radio-aviva.com\/perpignan\/wp-json\/wp\/v2\/podcast"}],"about":[{"href":"https:\/\/radio-aviva.com\/perpignan\/wp-json\/wp\/v2\/types\/podcast"}],"author":[{"embeddable":true,"href":"https:\/\/radio-aviva.com\/perpignan\/wp-json\/wp\/v2\/users\/1"}],"version-history":[{"count":4,"href":"https:\/\/radio-aviva.com\/perpignan\/wp-json\/wp\/v2\/podcast\/9892\/revisions"}],"predecessor-version":[{"id":10189,"href":"https:\/\/radio-aviva.com\/perpignan\/wp-json\/wp\/v2\/podcast\/9892\/revisions\/10189"}],"wp:featuredmedia":[{"embeddable":true,"href":"https:\/\/radio-aviva.com\/perpignan\/wp-json\/wp\/v2\/media\/9006"}],"wp:attachment":[{"href":"https:\/\/radio-aviva.com\/perpignan\/wp-json\/wp\/v2\/media?parent=9892"}],"wp:term":[{"taxonomy":"post_tag","embeddable":true,"href":"https:\/\/radio-aviva.com\/perpignan\/wp-json\/wp\/v2\/tags?post=9892"},{"taxonomy":"podcastfilter","embeddable":true,"href":"https:\/\/radio-aviva.com\/perpignan\/wp-json\/wp\/v2\/podcastfilter?post=9892"}],"curies":[{"name":"wp","href":"https:\/\/api.w.org\/{rel}","templated":true}]}}

Insertion Activité Economique &#8211; Emmanuelle, Conseillère Emploi, France Travail

<p>Emmanuelle conseillère à l&#8217;emploi chez France Travail nous présente le dispositif d&rsquo;insertion par l&rsquo;activité économique.</p>
