{"id":9900,"date":"2024-10-15T12:40:29","date_gmt":"2024-10-15T10:40:29","guid":{"rendered":"https:\/\/radio-aviva.com\/perpignan\/?post_type=podcast&#038;p=9900"},"modified":"2024-10-18T10:32:17","modified_gmt":"2024-10-18T08:32:17","slug":"forum-de-lemploie-vincent-conseiller-france-travail-a-prades","status":"publish","type":"podcast","link":"https:\/\/radio-aviva.com\/perpignan\/podcast\/forum-de-lemploie-vincent-conseiller-france-travail-a-prades\/","title":{"rendered":"Forum de l&#8217;emploi &#8211; Vincent, Conseiller France Travail \u00e0 Prades"},"content":{"rendered":"<p>Vincent: conseill\u00e9 emploi \u00e0 France Travail nous parle du forum de l&#8217;emploie \u00e0 Font Romeu.<\/p>\n","protected":false},"author":337,"featured_media":9006,"template":"","tags":[],"podcastfilter":[299,308,109,302],"class_list":["post-9900","podcast","type-podcast","status-publish","has-post-thumbnail","hentry","podcastfilter-emploi-formations","podcastfilter-france-travail","podcastfilter-perpignan","podcastfilter-quelques-minutes-pour-lemploi"],"_links":{"self":[{"href":"https:\/\/radio-aviva.com\/perpignan\/wp-json\/wp\/v2\/podcast\/9900","targetHints":{"allow":["GET"]}}],"collection":[{"href":"https:\/\/radio-aviva.com\/perpignan\/wp-json\/wp\/v2\/podcast"}],"about":[{"href":"https:\/\/radio-aviva.com\/perpignan\/wp-json\/wp\/v2\/types\/podcast"}],"author":[{"embeddable":true,"href":"https:\/\/radio-aviva.com\/perpignan\/wp-json\/wp\/v2\/users\/337"}],"version-history":[{"count":5,"href":"https:\/\/radio-aviva.com\/perpignan\/wp-json\/wp\/v2\/podcast\/9900\/revisions"}],"predecessor-version":[{"id":10229,"href":"https:\/\/radio-aviva.com\/perpignan\/wp-json\/wp\/v2\/podcast\/9900\/revisions\/10229"}],"wp:featuredmedia":[{"embeddable":true,"href":"https:\/\/radio-aviva.com\/perpignan\/wp-json\/wp\/v2\/media\/9006"}],"wp:attachment":[{"href":"https:\/\/radio-aviva.com\/perpignan\/wp-json\/wp\/v2\/media?parent=9900"}],"wp:term":[{"taxonomy":"post_tag","embeddable":true,"href":"https:\/\/radio-aviva.com\/perpignan\/wp-json\/wp\/v2\/tags?post=9900"},{"taxonomy":"podcastfilter","embeddable":true,"href":"https:\/\/radio-aviva.com\/perpignan\/wp-json\/wp\/v2\/podcastfilter?post=9900"}],"curies":[{"name":"wp","href":"https:\/\/api.w.org\/{rel}","templated":true}]}}

Forum de l&#8217;emploi &#8211; Vincent, Conseiller France Travail à Prades

<p>Vincent: conseillé emploi à France Travail nous parle du forum de l&#8217;emploie à Font Romeu.</p>
