{"id":9903,"date":"2024-09-24T12:40:04","date_gmt":"2024-09-24T10:40:04","guid":{"rendered":"https:\/\/radio-aviva.com\/perpignan\/?post_type=podcast&#038;p=9903"},"modified":"2024-09-18T14:51:29","modified_gmt":"2024-09-18T12:51:29","slug":"semaine-creation-reprise-entreprise-daniel-philippe-conseiller-emploi","status":"publish","type":"podcast","link":"https:\/\/radio-aviva.com\/perpignan\/podcast\/semaine-creation-reprise-entreprise-daniel-philippe-conseiller-emploi\/","title":{"rendered":"SEMAINE CREATION REPRISE ENTREPRISE &#8211; DANIEL, PHILIPPE, CONSEILLER EMPLOI"},"content":{"rendered":"<p>Daniel et Phillipe: conseill\u00e9s \u00e0 l&#8217;emploi chez France Travail nous parle de la semaine de cr\u00e9ation et reprise d&rsquo;entreprise qui aura lieu du 23 septembre au 27 septembre qui se d\u00e9roule dans toutes les agences France Travail et leur partenaires.<\/p>\n","protected":false},"author":337,"featured_media":9006,"template":"","tags":[],"podcastfilter":[299,269,308,180,302],"class_list":["post-9903","podcast","type-podcast","status-publish","has-post-thumbnail","hentry","podcastfilter-emploi-formations","podcastfilter-formation","podcastfilter-france-travail","podcastfilter-pyrenees-orientales","podcastfilter-quelques-minutes-pour-lemploi"],"_links":{"self":[{"href":"https:\/\/radio-aviva.com\/perpignan\/wp-json\/wp\/v2\/podcast\/9903","targetHints":{"allow":["GET"]}}],"collection":[{"href":"https:\/\/radio-aviva.com\/perpignan\/wp-json\/wp\/v2\/podcast"}],"about":[{"href":"https:\/\/radio-aviva.com\/perpignan\/wp-json\/wp\/v2\/types\/podcast"}],"author":[{"embeddable":true,"href":"https:\/\/radio-aviva.com\/perpignan\/wp-json\/wp\/v2\/users\/337"}],"version-history":[{"count":1,"href":"https:\/\/radio-aviva.com\/perpignan\/wp-json\/wp\/v2\/podcast\/9903\/revisions"}],"predecessor-version":[{"id":9905,"href":"https:\/\/radio-aviva.com\/perpignan\/wp-json\/wp\/v2\/podcast\/9903\/revisions\/9905"}],"wp:featuredmedia":[{"embeddable":true,"href":"https:\/\/radio-aviva.com\/perpignan\/wp-json\/wp\/v2\/media\/9006"}],"wp:attachment":[{"href":"https:\/\/radio-aviva.com\/perpignan\/wp-json\/wp\/v2\/media?parent=9903"}],"wp:term":[{"taxonomy":"post_tag","embeddable":true,"href":"https:\/\/radio-aviva.com\/perpignan\/wp-json\/wp\/v2\/tags?post=9903"},{"taxonomy":"podcastfilter","embeddable":true,"href":"https:\/\/radio-aviva.com\/perpignan\/wp-json\/wp\/v2\/podcastfilter?post=9903"}],"curies":[{"name":"wp","href":"https:\/\/api.w.org\/{rel}","templated":true}]}}

<p>Daniel et Phillipe: conseillés à l&#8217;emploi chez France Travail nous parle de la semaine de création et reprise d&rsquo;entreprise qui aura lieu du 23 septembre au 27 septembre qui se déroule dans toutes les agences France Travail et leur partenaires.</p>
